{"id":31512,"date":"2026-03-31T20:40:59","date_gmt":"2026-03-31T17:40:59","guid":{"rendered":"https:\/\/noliktavaseksperts.coverl.id.lv\/?post_type=product&#038;p=31512"},"modified":"2026-03-31T20:41:00","modified_gmt":"2026-03-31T17:41:00","slug":"elektriska-rohla-ept20h-2000kg-1150mm-daksas","status":"publish","type":"product","link":"https:\/\/noliktavaseksperts.coverl.id.lv\/?product=elektriska-rohla-ept20h-2000kg-1150mm-daksas","title":{"rendered":"Elektrisk\u0101 rohla EPT20H 2000kg &#8211; 1150mm dak\u0161as"},"content":{"rendered":"<h2 data-section-id=\"14qv85\" data-start=\"45\" data-end=\"94\"><span role=\"text\"><strong data-start=\"48\" data-end=\"94\">Elektrisk\u0101 rohla &#8211; 2000 kg, dak\u0161as 1150 mm<\/strong><\/span><\/h2>\n<p data-start=\"96\" data-end=\"292\">Elektrisk\u0101 rohla ir efekt\u012bvs risin\u0101jums pale\u0161u p\u0101rvieto\u0161anai noliktav\u0101s un lo\u0123istikas centros. T\u0101 nodro\u0161ina \u0101tru, dro\u0161u un ergonomisku darbu, samazinot fizisko slodzi un palielinot produktivit\u0101ti.<\/p>\n<p data-start=\"294\" data-end=\"516\">Kompaktais dizains \u013cauj \u0113rti manevr\u0113t \u0161aur\u0101s viet\u0101s, savuk\u0101rt elektrisk\u0101 piedzi\u0146a un pacel\u0161ana nodro\u0161ina vienk\u0101r\u0161u un komfortablu lieto\u0161anu. Apr\u012bkota ar modernu akumulatoru un dro\u0161\u012bbas funkcij\u0101m stabilai ikdienas darb\u012bbai.<\/p>\n","protected":false},"excerpt":{"rendered":"<p data-section-id=\"g54ex5\" data-start=\"1654\" data-end=\"1681\">Jauna, izpakota, p\u0101rbaud\u012bta un vair\u0101k nav izmantota.<\/p>\n<h3 data-section-id=\"g54ex5\" data-start=\"1654\" data-end=\"1681\"><span role=\"text\"><strong data-start=\"1658\" data-end=\"1681\">Tehniskie parametri<\/strong><\/span><\/h3>\n<ul data-start=\"1683\" data-end=\"1802\">\n<li data-section-id=\"hlg6ua\" data-start=\"53\" data-end=\"76\"><strong>Kravnes\u012bba:<\/strong> 2000 kg<\/li>\n<li data-section-id=\"12t1r0y\" data-start=\"77\" data-end=\"102\"><strong>Dak\u0161u garums:<\/strong> 1150 mm<\/li>\n<li data-section-id=\"1rboh0w\" data-start=\"103\" data-end=\"147\"><strong>Pacel\u0161anas augstums:<\/strong> 115 mm (min. 82 mm)<\/li>\n<li data-section-id=\"1xvpxai\" data-start=\"148\" data-end=\"174\"><strong>Maks. \u0101trums:<\/strong> 4.5 km\/h<\/li>\n<li data-section-id=\"82gatl\" data-start=\"175\" data-end=\"203\"><strong>Darb\u012bbas laiks ar vienu uzl\u0101di:<\/strong> l\u012bdz 8 h<\/li>\n<li data-section-id=\"entmzx\" data-start=\"204\" data-end=\"228\"><strong>Baterija:<\/strong> 48V \/ 10Ah<\/li>\n<li data-section-id=\"zboy2x\" data-start=\"229\" data-end=\"261\"><strong>Apgrie\u0161an\u0101s r\u0101diuss:<\/strong> 1353 mm<\/li>\n<li data-section-id=\"1etnxs6\" data-start=\"262\" data-end=\"316\"><strong>Rite\u0146i:<\/strong> PU (st\u016bres ritenis 140 mm, dubultie 80 mm)<\/li>\n<li data-section-id=\"fasy33\" data-start=\"1741\" data-end=\"1769\"><strong data-start=\"1743\" data-end=\"1756\">Piedzi\u0146a:<\/strong> elektriska<\/li>\n<li data-section-id=\"1xsgoa7\" data-start=\"1770\" data-end=\"1802\"><strong data-start=\"1772\" data-end=\"1788\">Akumulators:<\/strong> litija jonu<\/li>\n<\/ul>\n","protected":false},"featured_media":31518,"template":"","meta":{"_joinchat":[]},"product_brand":[],"product_cat":[619,432],"product_tag":[],"class_list":{"0":"post-31512","1":"product","2":"type-product","3":"status-publish","4":"has-post-thumbnail","6":"product_cat-ipasie-piedavajumi","7":"product_cat-palesu-ratini","9":"first","10":"instock","11":"sale","12":"taxable","13":"shipping-taxable","14":"purchasable","15":"product-type-simple"},"yoast_head":"<!-- This site is optimized with the Yoast SEO plugin v27.2 - https:\/\/yoast.com\/product\/yoast-seo-wordpress\/ -->\n<title>Elektrisk\u0101 rohla EPT20H 2000kg - 1150mm dak\u0161as - Noliktavas Eksperts<\/title>\n<meta name=\"description\" content=\"Elektrisk\u0101 rohla ar 2000 kg kravnes\u012bbu. Kompakts dizains ar 1353 mm apgrie\u0161an\u0101s r\u0101diusu, l\u012bdz 4.5 km\/h \u0101trumu un l\u012bdz 8 h darb\u012bbas laiku.\" \/>\n<meta name=\"robots\" content=\"index, follow, max-snippet:-1, max-image-preview:large, max-video-preview:-1\" \/>\n<link rel=\"canonical\" href=\"https:\/\/noliktavaseksperts.coverl.id.lv\/prece\/elektriska-rohla-ept20h-2000kg-1150mm-daksas\/\" \/>\n<meta property=\"og:locale\" content=\"lv_LV\" \/>\n<meta property=\"og:type\" content=\"article\" \/>\n<meta property=\"og:title\" content=\"Elektrisk\u0101 rohla EPT20H 2000kg - 1150mm dak\u0161as - Noliktavas Eksperts\" \/>\n<meta property=\"og:description\" content=\"Elektrisk\u0101 rohla ar 2000 kg kravnes\u012bbu. Kompakts dizains ar 1353 mm apgrie\u0161an\u0101s r\u0101diusu, l\u012bdz 4.5 km\/h \u0101trumu un l\u012bdz 8 h darb\u012bbas laiku.\" \/>\n<meta property=\"og:url\" content=\"https:\/\/noliktavaseksperts.coverl.id.lv\/prece\/elektriska-rohla-ept20h-2000kg-1150mm-daksas\/\" \/>\n<meta property=\"og:site_name\" content=\"Noliktavas Eksperts\" \/>\n<meta property=\"article:modified_time\" content=\"2026-03-31T17:41:00+00:00\" \/>\n<meta property=\"og:image\" content=\"https:\/\/noliktavaseksperts.coverl.id.lv\/wp-content\/uploads\/2026\/03\/Noformejums-bez-nosaukuma-60.png\" \/>\n\t<meta property=\"og:image:width\" content=\"600\" \/>\n\t<meta property=\"og:image:height\" content=\"800\" \/>\n\t<meta property=\"og:image:type\" content=\"image\/png\" \/>\n<meta name=\"twitter:card\" content=\"summary_large_image\" \/>\n<meta name=\"twitter:label1\" content=\"Est. reading time\" \/>\n\t<meta name=\"twitter:data1\" content=\"1 min\u016bte\" \/>\n<script type=\"application\/ld+json\" class=\"yoast-schema-graph\">{\"@context\":\"https:\/\/schema.org\",\"@graph\":[{\"@type\":\"WebPage\",\"@id\":\"https:\/\/noliktavaseksperts.coverl.id.lv\/prece\/elektriska-rohla-ept20h-2000kg-1150mm-daksas\/\",\"url\":\"https:\/\/noliktavaseksperts.coverl.id.lv\/prece\/elektriska-rohla-ept20h-2000kg-1150mm-daksas\/\",\"name\":\"Elektrisk\u0101 rohla EPT20H 2000kg - 1150mm dak\u0161as - Noliktavas Eksperts\",\"isPartOf\":{\"@id\":\"https:\/\/noliktavaseksperts.coverl.id.lv\/#website\"},\"primaryImageOfPage\":{\"@id\":\"https:\/\/noliktavaseksperts.coverl.id.lv\/prece\/elektriska-rohla-ept20h-2000kg-1150mm-daksas\/#primaryimage\"},\"image\":{\"@id\":\"https:\/\/noliktavaseksperts.coverl.id.lv\/prece\/elektriska-rohla-ept20h-2000kg-1150mm-daksas\/#primaryimage\"},\"thumbnailUrl\":\"https:\/\/noliktavaseksperts.coverl.id.lv\/wp-content\/uploads\/2026\/03\/Noformejums-bez-nosaukuma-60.png\",\"datePublished\":\"2026-03-31T17:40:59+00:00\",\"dateModified\":\"2026-03-31T17:41:00+00:00\",\"description\":\"Elektrisk\u0101 rohla ar 2000 kg kravnes\u012bbu. Kompakts dizains ar 1353 mm apgrie\u0161an\u0101s r\u0101diusu, l\u012bdz 4.5 km\/h \u0101trumu un l\u012bdz 8 h darb\u012bbas laiku.\",\"breadcrumb\":{\"@id\":\"https:\/\/noliktavaseksperts.coverl.id.lv\/prece\/elektriska-rohla-ept20h-2000kg-1150mm-daksas\/#breadcrumb\"},\"inLanguage\":\"lv-LV\",\"potentialAction\":[{\"@type\":\"ReadAction\",\"target\":[\"https:\/\/noliktavaseksperts.coverl.id.lv\/prece\/elektriska-rohla-ept20h-2000kg-1150mm-daksas\/\"]}]},{\"@type\":\"ImageObject\",\"inLanguage\":\"lv-LV\",\"@id\":\"https:\/\/noliktavaseksperts.coverl.id.lv\/prece\/elektriska-rohla-ept20h-2000kg-1150mm-daksas\/#primaryimage\",\"url\":\"https:\/\/noliktavaseksperts.coverl.id.lv\/wp-content\/uploads\/2026\/03\/Noformejums-bez-nosaukuma-60.png\",\"contentUrl\":\"https:\/\/noliktavaseksperts.coverl.id.lv\/wp-content\/uploads\/2026\/03\/Noformejums-bez-nosaukuma-60.png\",\"width\":600,\"height\":800},{\"@type\":\"BreadcrumbList\",\"@id\":\"https:\/\/noliktavaseksperts.coverl.id.lv\/prece\/elektriska-rohla-ept20h-2000kg-1150mm-daksas\/#breadcrumb\",\"itemListElement\":[{\"@type\":\"ListItem\",\"position\":1,\"name\":\"Home\",\"item\":\"https:\/\/noliktavaseksperts.coverl.id.lv\/\"},{\"@type\":\"ListItem\",\"position\":2,\"name\":\"Veikals\",\"item\":\"https:\/\/noliktavaseksperts.coverl.id.lv\/?page_id=10626\"},{\"@type\":\"ListItem\",\"position\":3,\"name\":\"Elektrisk\u0101 rohla EPT20H 2000kg &#8211; 1150mm dak\u0161as\"}]},{\"@type\":\"WebSite\",\"@id\":\"https:\/\/noliktavaseksperts.coverl.id.lv\/#website\",\"url\":\"https:\/\/noliktavaseksperts.coverl.id.lv\/\",\"name\":\"Noliktavas Eksperts\",\"description\":\"Noliktavas\u00a0apr\u012bkojums\",\"publisher\":{\"@id\":\"https:\/\/noliktavaseksperts.coverl.id.lv\/#organization\"},\"potentialAction\":[{\"@type\":\"SearchAction\",\"target\":{\"@type\":\"EntryPoint\",\"urlTemplate\":\"https:\/\/noliktavaseksperts.coverl.id.lv\/?s={search_term_string}\"},\"query-input\":{\"@type\":\"PropertyValueSpecification\",\"valueRequired\":true,\"valueName\":\"search_term_string\"}}],\"inLanguage\":\"lv-LV\"},{\"@type\":\"Organization\",\"@id\":\"https:\/\/noliktavaseksperts.coverl.id.lv\/#organization\",\"name\":\"Noliktavas Eksperts\",\"url\":\"https:\/\/noliktavaseksperts.coverl.id.lv\/\",\"logo\":{\"@type\":\"ImageObject\",\"inLanguage\":\"lv-LV\",\"@id\":\"https:\/\/noliktavaseksperts.coverl.id.lv\/#\/schema\/logo\/image\/\",\"url\":\"https:\/\/noliktavaseksperts.coverl.id.lv\/wp-content\/uploads\/2025\/05\/logo_variacijas-09-1.webp\",\"contentUrl\":\"https:\/\/noliktavaseksperts.coverl.id.lv\/wp-content\/uploads\/2025\/05\/logo_variacijas-09-1.webp\",\"width\":350,\"height\":350,\"caption\":\"Noliktavas Eksperts\"},\"image\":{\"@id\":\"https:\/\/noliktavaseksperts.coverl.id.lv\/#\/schema\/logo\/image\/\"}}]}<\/script>\n<!-- \/ Yoast SEO plugin. -->","yoast_head_json":{"title":"Elektrisk\u0101 rohla EPT20H 2000kg - 1150mm dak\u0161as - Noliktavas Eksperts","description":"Elektrisk\u0101 rohla ar 2000 kg kravnes\u012bbu. Kompakts dizains ar 1353 mm apgrie\u0161an\u0101s r\u0101diusu, l\u012bdz 4.5 km\/h \u0101trumu un l\u012bdz 8 h darb\u012bbas laiku.","robots":{"index":"index","follow":"follow","max-snippet":"max-snippet:-1","max-image-preview":"max-image-preview:large","max-video-preview":"max-video-preview:-1"},"canonical":"https:\/\/noliktavaseksperts.coverl.id.lv\/prece\/elektriska-rohla-ept20h-2000kg-1150mm-daksas\/","og_locale":"lv_LV","og_type":"article","og_title":"Elektrisk\u0101 rohla EPT20H 2000kg - 1150mm dak\u0161as - Noliktavas Eksperts","og_description":"Elektrisk\u0101 rohla ar 2000 kg kravnes\u012bbu. Kompakts dizains ar 1353 mm apgrie\u0161an\u0101s r\u0101diusu, l\u012bdz 4.5 km\/h \u0101trumu un l\u012bdz 8 h darb\u012bbas laiku.","og_url":"https:\/\/noliktavaseksperts.coverl.id.lv\/prece\/elektriska-rohla-ept20h-2000kg-1150mm-daksas\/","og_site_name":"Noliktavas Eksperts","article_modified_time":"2026-03-31T17:41:00+00:00","og_image":[{"width":600,"height":800,"url":"https:\/\/noliktavaseksperts.coverl.id.lv\/wp-content\/uploads\/2026\/03\/Noformejums-bez-nosaukuma-60.png","type":"image\/png"}],"twitter_card":"summary_large_image","twitter_misc":{"Est. reading time":"1 min\u016bte"},"schema":{"@context":"https:\/\/schema.org","@graph":[{"@type":"WebPage","@id":"https:\/\/noliktavaseksperts.coverl.id.lv\/prece\/elektriska-rohla-ept20h-2000kg-1150mm-daksas\/","url":"https:\/\/noliktavaseksperts.coverl.id.lv\/prece\/elektriska-rohla-ept20h-2000kg-1150mm-daksas\/","name":"Elektrisk\u0101 rohla EPT20H 2000kg - 1150mm dak\u0161as - Noliktavas Eksperts","isPartOf":{"@id":"https:\/\/noliktavaseksperts.coverl.id.lv\/#website"},"primaryImageOfPage":{"@id":"https:\/\/noliktavaseksperts.coverl.id.lv\/prece\/elektriska-rohla-ept20h-2000kg-1150mm-daksas\/#primaryimage"},"image":{"@id":"https:\/\/noliktavaseksperts.coverl.id.lv\/prece\/elektriska-rohla-ept20h-2000kg-1150mm-daksas\/#primaryimage"},"thumbnailUrl":"https:\/\/noliktavaseksperts.coverl.id.lv\/wp-content\/uploads\/2026\/03\/Noformejums-bez-nosaukuma-60.png","datePublished":"2026-03-31T17:40:59+00:00","dateModified":"2026-03-31T17:41:00+00:00","description":"Elektrisk\u0101 rohla ar 2000 kg kravnes\u012bbu. Kompakts dizains ar 1353 mm apgrie\u0161an\u0101s r\u0101diusu, l\u012bdz 4.5 km\/h \u0101trumu un l\u012bdz 8 h darb\u012bbas laiku.","breadcrumb":{"@id":"https:\/\/noliktavaseksperts.coverl.id.lv\/prece\/elektriska-rohla-ept20h-2000kg-1150mm-daksas\/#breadcrumb"},"inLanguage":"lv-LV","potentialAction":[{"@type":"ReadAction","target":["https:\/\/noliktavaseksperts.coverl.id.lv\/prece\/elektriska-rohla-ept20h-2000kg-1150mm-daksas\/"]}]},{"@type":"ImageObject","inLanguage":"lv-LV","@id":"https:\/\/noliktavaseksperts.coverl.id.lv\/prece\/elektriska-rohla-ept20h-2000kg-1150mm-daksas\/#primaryimage","url":"https:\/\/noliktavaseksperts.coverl.id.lv\/wp-content\/uploads\/2026\/03\/Noformejums-bez-nosaukuma-60.png","contentUrl":"https:\/\/noliktavaseksperts.coverl.id.lv\/wp-content\/uploads\/2026\/03\/Noformejums-bez-nosaukuma-60.png","width":600,"height":800},{"@type":"BreadcrumbList","@id":"https:\/\/noliktavaseksperts.coverl.id.lv\/prece\/elektriska-rohla-ept20h-2000kg-1150mm-daksas\/#breadcrumb","itemListElement":[{"@type":"ListItem","position":1,"name":"Home","item":"https:\/\/noliktavaseksperts.coverl.id.lv\/"},{"@type":"ListItem","position":2,"name":"Veikals","item":"https:\/\/noliktavaseksperts.coverl.id.lv\/?page_id=10626"},{"@type":"ListItem","position":3,"name":"Elektrisk\u0101 rohla EPT20H 2000kg &#8211; 1150mm dak\u0161as"}]},{"@type":"WebSite","@id":"https:\/\/noliktavaseksperts.coverl.id.lv\/#website","url":"https:\/\/noliktavaseksperts.coverl.id.lv\/","name":"Noliktavas Eksperts","description":"Noliktavas\u00a0apr\u012bkojums","publisher":{"@id":"https:\/\/noliktavaseksperts.coverl.id.lv\/#organization"},"potentialAction":[{"@type":"SearchAction","target":{"@type":"EntryPoint","urlTemplate":"https:\/\/noliktavaseksperts.coverl.id.lv\/?s={search_term_string}"},"query-input":{"@type":"PropertyValueSpecification","valueRequired":true,"valueName":"search_term_string"}}],"inLanguage":"lv-LV"},{"@type":"Organization","@id":"https:\/\/noliktavaseksperts.coverl.id.lv\/#organization","name":"Noliktavas Eksperts","url":"https:\/\/noliktavaseksperts.coverl.id.lv\/","logo":{"@type":"ImageObject","inLanguage":"lv-LV","@id":"https:\/\/noliktavaseksperts.coverl.id.lv\/#\/schema\/logo\/image\/","url":"https:\/\/noliktavaseksperts.coverl.id.lv\/wp-content\/uploads\/2025\/05\/logo_variacijas-09-1.webp","contentUrl":"https:\/\/noliktavaseksperts.coverl.id.lv\/wp-content\/uploads\/2025\/05\/logo_variacijas-09-1.webp","width":350,"height":350,"caption":"Noliktavas Eksperts"},"image":{"@id":"https:\/\/noliktavaseksperts.coverl.id.lv\/#\/schema\/logo\/image\/"}}]}},"_links":{"self":[{"href":"https:\/\/noliktavaseksperts.coverl.id.lv\/index.php?rest_route=\/wp\/v2\/product\/31512","targetHints":{"allow":["GET"]}}],"collection":[{"href":"https:\/\/noliktavaseksperts.coverl.id.lv\/index.php?rest_route=\/wp\/v2\/product"}],"about":[{"href":"https:\/\/noliktavaseksperts.coverl.id.lv\/index.php?rest_route=\/wp\/v2\/types\/product"}],"version-history":[{"count":1,"href":"https:\/\/noliktavaseksperts.coverl.id.lv\/index.php?rest_route=\/wp\/v2\/product\/31512\/revisions"}],"predecessor-version":[{"id":31519,"href":"https:\/\/noliktavaseksperts.coverl.id.lv\/index.php?rest_route=\/wp\/v2\/product\/31512\/revisions\/31519"}],"wp:featuredmedia":[{"embeddable":true,"href":"https:\/\/noliktavaseksperts.coverl.id.lv\/index.php?rest_route=\/wp\/v2\/media\/31518"}],"wp:attachment":[{"href":"https:\/\/noliktavaseksperts.coverl.id.lv\/index.php?rest_route=%2Fwp%2Fv2%2Fmedia&parent=31512"}],"wp:term":[{"taxonomy":"product_brand","embeddable":true,"href":"https:\/\/noliktavaseksperts.coverl.id.lv\/index.php?rest_route=%2Fwp%2Fv2%2Fproduct_brand&post=31512"},{"taxonomy":"product_cat","embeddable":true,"href":"https:\/\/noliktavaseksperts.coverl.id.lv\/index.php?rest_route=%2Fwp%2Fv2%2Fproduct_cat&post=31512"},{"taxonomy":"product_tag","embeddable":true,"href":"https:\/\/noliktavaseksperts.coverl.id.lv\/index.php?rest_route=%2Fwp%2Fv2%2Fproduct_tag&post=31512"}],"curies":[{"name":"wp","href":"https:\/\/api.w.org\/{rel}","templated":true}]}}