{"id":31336,"date":"2026-03-23T22:15:29","date_gmt":"2026-03-23T20:15:29","guid":{"rendered":"https:\/\/noliktavaseksperts.coverl.id.lv\/?post_type=product&#038;p=31336"},"modified":"2026-03-25T13:28:42","modified_gmt":"2026-03-25T11:28:42","slug":"plastmasas-plaukts-sikprecem","status":"publish","type":"product","link":"https:\/\/noliktavaseksperts.coverl.id.lv\/?product=plastmasas-plaukts-sikprecem","title":{"rendered":"Plastmasas plaukts ar 4 l\u012bme\u0146iem, 1350 x 600 x 300mm"},"content":{"rendered":"<section class=\"text-token-text-primary w-full focus:outline-none [--shadow-height:45px] has-data-writing-block:pointer-events-none has-data-writing-block:-mt-(--shadow-height) has-data-writing-block:pt-(--shadow-height) [&amp;:has([data-writing-block])&gt;*]:pointer-events-auto scroll-mt-(--header-height)\" dir=\"auto\" data-turn-id=\"4830cf12-c95b-4c5c-b249-4d11dfedd093\" data-testid=\"conversation-turn-3\" data-scroll-anchor=\"false\" data-turn=\"user\"><\/section>\n<section class=\"text-token-text-primary w-full focus:outline-none [--shadow-height:45px] has-data-writing-block:pointer-events-none has-data-writing-block:-mt-(--shadow-height) has-data-writing-block:pt-(--shadow-height) [&amp;:has([data-writing-block])&gt;*]:pointer-events-auto scroll-mt-[calc(var(--header-height)+min(200px,max(70px,20svh)))]\" dir=\"auto\" data-turn-id=\"request-WEB:4b8cdd19-737b-4ccc-a484-cd896d646104-1\" data-testid=\"conversation-turn-4\" data-scroll-anchor=\"true\" data-turn=\"assistant\">\n<div class=\"text-base my-auto mx-auto pb-10 [--thread-content-margin:var(--thread-content-margin-xs,calc(var(--spacing)*4))] @w-sm\/main:[--thread-content-margin:var(--thread-content-margin-sm,calc(var(--spacing)*6))] @w-lg\/main:[--thread-content-margin:var(--thread-content-margin-lg,calc(var(--spacing)*16))] px-(--thread-content-margin)\">\n<div class=\"[--thread-content-max-width:40rem] @w-lg\/main:[--thread-content-max-width:48rem] mx-auto max-w-(--thread-content-max-width) flex-1 group\/turn-messages focus-visible:outline-hidden relative flex w-full min-w-0 flex-col agent-turn\">\n<div class=\"flex max-w-full flex-col gap-4 grow\">\n<div class=\"min-h-8 text-message relative flex w-full flex-col items-end gap-2 text-start break-words whitespace-normal outline-none keyboard-focused:focus-ring [.text-message+&amp;]:mt-1\" dir=\"auto\" tabindex=\"0\" data-message-author-role=\"assistant\" data-message-id=\"0a07e8b4-e82e-44f5-a278-6328119c053f\" data-turn-start-message=\"true\" data-message-model-slug=\"gpt-5-3\">\n<div class=\"flex w-full flex-col gap-1 empty:hidden\">\n<div class=\"markdown prose dark:prose-invert w-full wrap-break-word light markdown-new-styling\">\n<h4 data-start=\"0\" data-end=\"58\"><strong data-start=\"0\" data-end=\"58\">Praktisks un pieejams risin\u0101jums ikdienas uzglab\u0101\u0161anai<\/strong><\/h4>\n<p data-start=\"60\" data-end=\"287\">\u0160is plastmasas plaukts ir vienk\u0101r\u0161s un funkcion\u0101ls risin\u0101jums, kas pal\u012bdz uztur\u0113t k\u0101rt\u012bbu jebkur\u0101 telp\u0101 &#8211; m\u0101j\u0101s, gar\u0101\u017e\u0101 vai saimniec\u012bbas zon\u0101. Tas ir \u012bpa\u0161i piem\u0113rots s\u012bkpre\u010du, sadz\u012bves lietu un viegl\u0101ku priek\u0161metu uzglab\u0101\u0161anai.<\/p>\n<p data-start=\"289\" data-end=\"539\">Izgatavots no plastmasas, plaukts ir viegls, viegli kopjams un iztur\u012bgs pret mitrumu, kas padara to praktisku ikdienas lieto\u0161an\u0101 . T\u0101 vienk\u0101r\u0161\u0101 konstrukcija \u013cauj to \u0101tri salikt un \u0113rti piel\u0101got da\u017e\u0101d\u0101m vajadz\u012bb\u0101m.<\/p>\n<p data-start=\"541\" data-end=\"751\">\u0160is ir labs \u201cprice\/performance\u201d variants &#8211; ja mekl\u0113 bud\u017eeta klases plauktu ikdienas vajadz\u012bb\u0101m bez liek\u0101m ekstr\u0101m. Tas lieliski pilda savu funkciju, pal\u012bdzot sak\u0101rtot telpu, vienlaikus saglab\u0101jot pieejamu cenu.<\/p>\n<p data-start=\"753\" data-end=\"774\"><strong data-start=\"753\" data-end=\"774\">Ide\u0101li piem\u0113rots:<\/strong><\/p>\n<ul data-start=\"775\" data-end=\"929\">\n<li data-section-id=\"1jcontl\" data-start=\"775\" data-end=\"818\">s\u012bkpre\u010du un sadz\u012bves lietu uzglab\u0101\u0161anai<\/li>\n<li data-section-id=\"1h2zzd8\" data-start=\"819\" data-end=\"861\">pieliekamajiem, noliktav\u0101m vai gar\u0101\u017e\u0101m<\/li>\n<li data-section-id=\"120x7zx\" data-start=\"862\" data-end=\"929\">situ\u0101cij\u0101m, kur nepiecie\u0161ams vienk\u0101r\u0161s un ekonomisks risin\u0101jums<\/li>\n<\/ul>\n<p data-start=\"931\" data-end=\"1005\">Labs risin\u0101jums, ja svar\u012bg\u0101kais ir funkcionalit\u0101te un cena vien\u0101 produkt\u0101.<\/p>\n<\/div>\n<\/div>\n<\/div>\n<\/div>\n<\/div>\n<\/div>\n<\/section>\n","protected":false},"excerpt":{"rendered":"<ul>\n<li data-section-id=\"xyaxdu\" data-start=\"19\" data-end=\"47\"><strong>Izm\u0113rs:<\/strong> A 135 x D 30 x P 60 cm<\/li>\n<li data-section-id=\"1uchr72\" data-start=\"48\" data-end=\"72\"><strong>Materi\u0101ls:<\/strong> plastmasa<\/li>\n<li data-section-id=\"ii40z1\" data-start=\"73\" data-end=\"93\"><strong>L\u012bme\u0146u skaits:<\/strong> 4<\/li>\n<li data-section-id=\"1uat866\" data-start=\"94\" data-end=\"129\"><strong>Maksim\u0101l\u0101 celtsp\u0113ja:<\/strong> l\u012bdz 55 kg<\/li>\n<li data-section-id=\"xehd83\" data-start=\"130\" data-end=\"146\"><strong>Kr\u0101sa:<\/strong> melna<\/li>\n<\/ul>\n","protected":false},"featured_media":31338,"template":"","meta":{"_joinchat":[]},"product_brand":[],"product_cat":[635,513],"product_tag":[],"class_list":{"0":"post-31336","1":"product","2":"type-product","3":"status-publish","4":"has-post-thumbnail","6":"product_cat-saliekamie-skapji","7":"product_cat-sikprecu-plaukti","9":"first","10":"instock","11":"taxable","12":"shipping-taxable","13":"purchasable","14":"product-type-simple"},"yoast_head":"<!-- This site is optimized with the Yoast SEO plugin v27.2 - https:\/\/yoast.com\/product\/yoast-seo-wordpress\/ -->\n<title>Plastmasas plaukts s\u012bkprec\u0113m - Noliktavas Eksperts<\/title>\n<meta name=\"description\" content=\"Viegls un praktisks plastmasas plaukts s\u012bkpre\u010du uzglab\u0101\u0161anai. Lieliska price\/performance izv\u0113le m\u0101jai, gar\u0101\u017eai vai noliktavai.\" \/>\n<meta name=\"robots\" content=\"index, follow, max-snippet:-1, max-image-preview:large, max-video-preview:-1\" \/>\n<link rel=\"canonical\" href=\"https:\/\/noliktavaseksperts.coverl.id.lv\/prece\/plastmasas-plaukts-sikprecem\/\" \/>\n<meta property=\"og:locale\" content=\"lv_LV\" \/>\n<meta property=\"og:type\" content=\"article\" \/>\n<meta property=\"og:title\" content=\"Plastmasas plaukts s\u012bkprec\u0113m - Noliktavas Eksperts\" \/>\n<meta property=\"og:description\" content=\"Viegls un praktisks plastmasas plaukts s\u012bkpre\u010du uzglab\u0101\u0161anai. Lieliska price\/performance izv\u0113le m\u0101jai, gar\u0101\u017eai vai noliktavai.\" \/>\n<meta property=\"og:url\" content=\"https:\/\/noliktavaseksperts.coverl.id.lv\/prece\/plastmasas-plaukts-sikprecem\/\" \/>\n<meta property=\"og:site_name\" content=\"Noliktavas Eksperts\" \/>\n<meta property=\"article:modified_time\" content=\"2026-03-25T11:28:42+00:00\" \/>\n<meta property=\"og:image\" content=\"https:\/\/noliktavaseksperts.coverl.id.lv\/wp-content\/uploads\/2026\/03\/Noformejums-bez-nosaukuma-22.png\" \/>\n\t<meta property=\"og:image:width\" content=\"600\" \/>\n\t<meta property=\"og:image:height\" content=\"800\" \/>\n\t<meta property=\"og:image:type\" content=\"image\/png\" \/>\n<meta name=\"twitter:card\" content=\"summary_large_image\" \/>\n<meta name=\"twitter:label1\" content=\"Est. reading time\" \/>\n\t<meta name=\"twitter:data1\" content=\"1 min\u016bte\" \/>\n<script type=\"application\/ld+json\" class=\"yoast-schema-graph\">{\"@context\":\"https:\/\/schema.org\",\"@graph\":[{\"@type\":\"WebPage\",\"@id\":\"https:\/\/noliktavaseksperts.coverl.id.lv\/prece\/plastmasas-plaukts-sikprecem\/\",\"url\":\"https:\/\/noliktavaseksperts.coverl.id.lv\/prece\/plastmasas-plaukts-sikprecem\/\",\"name\":\"Plastmasas plaukts s\u012bkprec\u0113m - Noliktavas Eksperts\",\"isPartOf\":{\"@id\":\"https:\/\/noliktavaseksperts.coverl.id.lv\/#website\"},\"primaryImageOfPage\":{\"@id\":\"https:\/\/noliktavaseksperts.coverl.id.lv\/prece\/plastmasas-plaukts-sikprecem\/#primaryimage\"},\"image\":{\"@id\":\"https:\/\/noliktavaseksperts.coverl.id.lv\/prece\/plastmasas-plaukts-sikprecem\/#primaryimage\"},\"thumbnailUrl\":\"https:\/\/noliktavaseksperts.coverl.id.lv\/wp-content\/uploads\/2026\/03\/Noformejums-bez-nosaukuma-22.png\",\"datePublished\":\"2026-03-23T20:15:29+00:00\",\"dateModified\":\"2026-03-25T11:28:42+00:00\",\"description\":\"Viegls un praktisks plastmasas plaukts s\u012bkpre\u010du uzglab\u0101\u0161anai. Lieliska price\/performance izv\u0113le m\u0101jai, gar\u0101\u017eai vai noliktavai.\",\"breadcrumb\":{\"@id\":\"https:\/\/noliktavaseksperts.coverl.id.lv\/prece\/plastmasas-plaukts-sikprecem\/#breadcrumb\"},\"inLanguage\":\"lv-LV\",\"potentialAction\":[{\"@type\":\"ReadAction\",\"target\":[\"https:\/\/noliktavaseksperts.coverl.id.lv\/prece\/plastmasas-plaukts-sikprecem\/\"]}]},{\"@type\":\"ImageObject\",\"inLanguage\":\"lv-LV\",\"@id\":\"https:\/\/noliktavaseksperts.coverl.id.lv\/prece\/plastmasas-plaukts-sikprecem\/#primaryimage\",\"url\":\"https:\/\/noliktavaseksperts.coverl.id.lv\/wp-content\/uploads\/2026\/03\/Noformejums-bez-nosaukuma-22.png\",\"contentUrl\":\"https:\/\/noliktavaseksperts.coverl.id.lv\/wp-content\/uploads\/2026\/03\/Noformejums-bez-nosaukuma-22.png\",\"width\":600,\"height\":800},{\"@type\":\"BreadcrumbList\",\"@id\":\"https:\/\/noliktavaseksperts.coverl.id.lv\/prece\/plastmasas-plaukts-sikprecem\/#breadcrumb\",\"itemListElement\":[{\"@type\":\"ListItem\",\"position\":1,\"name\":\"Home\",\"item\":\"https:\/\/noliktavaseksperts.coverl.id.lv\/\"},{\"@type\":\"ListItem\",\"position\":2,\"name\":\"Veikals\",\"item\":\"https:\/\/noliktavaseksperts.coverl.id.lv\/?page_id=10626\"},{\"@type\":\"ListItem\",\"position\":3,\"name\":\"Plastmasas plaukts ar 4 l\u012bme\u0146iem, 1350 x 600 x 300mm\"}]},{\"@type\":\"WebSite\",\"@id\":\"https:\/\/noliktavaseksperts.coverl.id.lv\/#website\",\"url\":\"https:\/\/noliktavaseksperts.coverl.id.lv\/\",\"name\":\"Noliktavas Eksperts\",\"description\":\"Noliktavas\u00a0apr\u012bkojums\",\"publisher\":{\"@id\":\"https:\/\/noliktavaseksperts.coverl.id.lv\/#organization\"},\"potentialAction\":[{\"@type\":\"SearchAction\",\"target\":{\"@type\":\"EntryPoint\",\"urlTemplate\":\"https:\/\/noliktavaseksperts.coverl.id.lv\/?s={search_term_string}\"},\"query-input\":{\"@type\":\"PropertyValueSpecification\",\"valueRequired\":true,\"valueName\":\"search_term_string\"}}],\"inLanguage\":\"lv-LV\"},{\"@type\":\"Organization\",\"@id\":\"https:\/\/noliktavaseksperts.coverl.id.lv\/#organization\",\"name\":\"Noliktavas Eksperts\",\"url\":\"https:\/\/noliktavaseksperts.coverl.id.lv\/\",\"logo\":{\"@type\":\"ImageObject\",\"inLanguage\":\"lv-LV\",\"@id\":\"https:\/\/noliktavaseksperts.coverl.id.lv\/#\/schema\/logo\/image\/\",\"url\":\"https:\/\/noliktavaseksperts.coverl.id.lv\/wp-content\/uploads\/2025\/05\/logo_variacijas-09-1.webp\",\"contentUrl\":\"https:\/\/noliktavaseksperts.coverl.id.lv\/wp-content\/uploads\/2025\/05\/logo_variacijas-09-1.webp\",\"width\":350,\"height\":350,\"caption\":\"Noliktavas Eksperts\"},\"image\":{\"@id\":\"https:\/\/noliktavaseksperts.coverl.id.lv\/#\/schema\/logo\/image\/\"}}]}<\/script>\n<!-- \/ Yoast SEO plugin. -->","yoast_head_json":{"title":"Plastmasas plaukts s\u012bkprec\u0113m - Noliktavas Eksperts","description":"Viegls un praktisks plastmasas plaukts s\u012bkpre\u010du uzglab\u0101\u0161anai. Lieliska price\/performance izv\u0113le m\u0101jai, gar\u0101\u017eai vai noliktavai.","robots":{"index":"index","follow":"follow","max-snippet":"max-snippet:-1","max-image-preview":"max-image-preview:large","max-video-preview":"max-video-preview:-1"},"canonical":"https:\/\/noliktavaseksperts.coverl.id.lv\/prece\/plastmasas-plaukts-sikprecem\/","og_locale":"lv_LV","og_type":"article","og_title":"Plastmasas plaukts s\u012bkprec\u0113m - Noliktavas Eksperts","og_description":"Viegls un praktisks plastmasas plaukts s\u012bkpre\u010du uzglab\u0101\u0161anai. Lieliska price\/performance izv\u0113le m\u0101jai, gar\u0101\u017eai vai noliktavai.","og_url":"https:\/\/noliktavaseksperts.coverl.id.lv\/prece\/plastmasas-plaukts-sikprecem\/","og_site_name":"Noliktavas Eksperts","article_modified_time":"2026-03-25T11:28:42+00:00","og_image":[{"width":600,"height":800,"url":"https:\/\/noliktavaseksperts.coverl.id.lv\/wp-content\/uploads\/2026\/03\/Noformejums-bez-nosaukuma-22.png","type":"image\/png"}],"twitter_card":"summary_large_image","twitter_misc":{"Est. reading time":"1 min\u016bte"},"schema":{"@context":"https:\/\/schema.org","@graph":[{"@type":"WebPage","@id":"https:\/\/noliktavaseksperts.coverl.id.lv\/prece\/plastmasas-plaukts-sikprecem\/","url":"https:\/\/noliktavaseksperts.coverl.id.lv\/prece\/plastmasas-plaukts-sikprecem\/","name":"Plastmasas plaukts s\u012bkprec\u0113m - Noliktavas Eksperts","isPartOf":{"@id":"https:\/\/noliktavaseksperts.coverl.id.lv\/#website"},"primaryImageOfPage":{"@id":"https:\/\/noliktavaseksperts.coverl.id.lv\/prece\/plastmasas-plaukts-sikprecem\/#primaryimage"},"image":{"@id":"https:\/\/noliktavaseksperts.coverl.id.lv\/prece\/plastmasas-plaukts-sikprecem\/#primaryimage"},"thumbnailUrl":"https:\/\/noliktavaseksperts.coverl.id.lv\/wp-content\/uploads\/2026\/03\/Noformejums-bez-nosaukuma-22.png","datePublished":"2026-03-23T20:15:29+00:00","dateModified":"2026-03-25T11:28:42+00:00","description":"Viegls un praktisks plastmasas plaukts s\u012bkpre\u010du uzglab\u0101\u0161anai. Lieliska price\/performance izv\u0113le m\u0101jai, gar\u0101\u017eai vai noliktavai.","breadcrumb":{"@id":"https:\/\/noliktavaseksperts.coverl.id.lv\/prece\/plastmasas-plaukts-sikprecem\/#breadcrumb"},"inLanguage":"lv-LV","potentialAction":[{"@type":"ReadAction","target":["https:\/\/noliktavaseksperts.coverl.id.lv\/prece\/plastmasas-plaukts-sikprecem\/"]}]},{"@type":"ImageObject","inLanguage":"lv-LV","@id":"https:\/\/noliktavaseksperts.coverl.id.lv\/prece\/plastmasas-plaukts-sikprecem\/#primaryimage","url":"https:\/\/noliktavaseksperts.coverl.id.lv\/wp-content\/uploads\/2026\/03\/Noformejums-bez-nosaukuma-22.png","contentUrl":"https:\/\/noliktavaseksperts.coverl.id.lv\/wp-content\/uploads\/2026\/03\/Noformejums-bez-nosaukuma-22.png","width":600,"height":800},{"@type":"BreadcrumbList","@id":"https:\/\/noliktavaseksperts.coverl.id.lv\/prece\/plastmasas-plaukts-sikprecem\/#breadcrumb","itemListElement":[{"@type":"ListItem","position":1,"name":"Home","item":"https:\/\/noliktavaseksperts.coverl.id.lv\/"},{"@type":"ListItem","position":2,"name":"Veikals","item":"https:\/\/noliktavaseksperts.coverl.id.lv\/?page_id=10626"},{"@type":"ListItem","position":3,"name":"Plastmasas plaukts ar 4 l\u012bme\u0146iem, 1350 x 600 x 300mm"}]},{"@type":"WebSite","@id":"https:\/\/noliktavaseksperts.coverl.id.lv\/#website","url":"https:\/\/noliktavaseksperts.coverl.id.lv\/","name":"Noliktavas Eksperts","description":"Noliktavas\u00a0apr\u012bkojums","publisher":{"@id":"https:\/\/noliktavaseksperts.coverl.id.lv\/#organization"},"potentialAction":[{"@type":"SearchAction","target":{"@type":"EntryPoint","urlTemplate":"https:\/\/noliktavaseksperts.coverl.id.lv\/?s={search_term_string}"},"query-input":{"@type":"PropertyValueSpecification","valueRequired":true,"valueName":"search_term_string"}}],"inLanguage":"lv-LV"},{"@type":"Organization","@id":"https:\/\/noliktavaseksperts.coverl.id.lv\/#organization","name":"Noliktavas Eksperts","url":"https:\/\/noliktavaseksperts.coverl.id.lv\/","logo":{"@type":"ImageObject","inLanguage":"lv-LV","@id":"https:\/\/noliktavaseksperts.coverl.id.lv\/#\/schema\/logo\/image\/","url":"https:\/\/noliktavaseksperts.coverl.id.lv\/wp-content\/uploads\/2025\/05\/logo_variacijas-09-1.webp","contentUrl":"https:\/\/noliktavaseksperts.coverl.id.lv\/wp-content\/uploads\/2025\/05\/logo_variacijas-09-1.webp","width":350,"height":350,"caption":"Noliktavas Eksperts"},"image":{"@id":"https:\/\/noliktavaseksperts.coverl.id.lv\/#\/schema\/logo\/image\/"}}]}},"_links":{"self":[{"href":"https:\/\/noliktavaseksperts.coverl.id.lv\/index.php?rest_route=\/wp\/v2\/product\/31336","targetHints":{"allow":["GET"]}}],"collection":[{"href":"https:\/\/noliktavaseksperts.coverl.id.lv\/index.php?rest_route=\/wp\/v2\/product"}],"about":[{"href":"https:\/\/noliktavaseksperts.coverl.id.lv\/index.php?rest_route=\/wp\/v2\/types\/product"}],"version-history":[{"count":1,"href":"https:\/\/noliktavaseksperts.coverl.id.lv\/index.php?rest_route=\/wp\/v2\/product\/31336\/revisions"}],"predecessor-version":[{"id":31339,"href":"https:\/\/noliktavaseksperts.coverl.id.lv\/index.php?rest_route=\/wp\/v2\/product\/31336\/revisions\/31339"}],"wp:featuredmedia":[{"embeddable":true,"href":"https:\/\/noliktavaseksperts.coverl.id.lv\/index.php?rest_route=\/wp\/v2\/media\/31338"}],"wp:attachment":[{"href":"https:\/\/noliktavaseksperts.coverl.id.lv\/index.php?rest_route=%2Fwp%2Fv2%2Fmedia&parent=31336"}],"wp:term":[{"taxonomy":"product_brand","embeddable":true,"href":"https:\/\/noliktavaseksperts.coverl.id.lv\/index.php?rest_route=%2Fwp%2Fv2%2Fproduct_brand&post=31336"},{"taxonomy":"product_cat","embeddable":true,"href":"https:\/\/noliktavaseksperts.coverl.id.lv\/index.php?rest_route=%2Fwp%2Fv2%2Fproduct_cat&post=31336"},{"taxonomy":"product_tag","embeddable":true,"href":"https:\/\/noliktavaseksperts.coverl.id.lv\/index.php?rest_route=%2Fwp%2Fv2%2Fproduct_tag&post=31336"}],"curies":[{"name":"wp","href":"https:\/\/api.w.org\/{rel}","templated":true}]}}