{"id":30871,"date":"2026-02-19T09:54:19","date_gmt":"2026-02-19T07:54:19","guid":{"rendered":"https:\/\/noliktavaseksperts.coverl.id.lv\/?post_type=product&#038;p=30871"},"modified":"2026-03-02T10:42:20","modified_gmt":"2026-03-02T08:42:20","slug":"nerusejosa-terauda-ratini-3-limeni-300kg","status":"publish","type":"product","link":"https:\/\/noliktavaseksperts.coverl.id.lv\/?product=nerusejosa-terauda-ratini-3-limeni-300kg","title":{"rendered":"Mazlietoti ner\u016bs\u0113jo\u0161\u0101 t\u0113rauda 3 l\u012bme\u0146u rati\u0146i"},"content":{"rendered":"<h2 data-start=\"120\" data-end=\"195\">Ner\u016bs\u0113jo\u0161\u0101 t\u0113rauda rati\u0146i ar 3 plauktu l\u012bme\u0146iem &#8211; iztur\u012bgi un higi\u0113niski<\/h2>\n<p data-start=\"197\" data-end=\"434\">Pied\u0101v\u0101jam augstas kvalit\u0101tes ner\u016bs\u0113jo\u0161\u0101 t\u0113rauda rati\u0146us ar 3 l\u012bme\u0146iem, kas piem\u0113roti profesion\u0101lai lieto\u0161anai noliktav\u0101s, ra\u017eo\u0161an\u0101, \u0113din\u0101\u0161anas uz\u0146\u0113mumos, medic\u012bnas iest\u0101d\u0113s un cit\u0101s vid\u0113s, kur svar\u012bga ir iztur\u012bba, mobilit\u0101te un higi\u0113na.<\/p>\n<p data-start=\"436\" data-end=\"603\">Rati\u0146u kop\u0113jais augstums ir <strong data-start=\"464\" data-end=\"474\">930 mm<\/strong>, plauktu izm\u0113rs &#8211; <strong data-start=\"493\" data-end=\"509\">500 x 900 mm<\/strong>, bet kop\u0113j\u0101 kravnes\u012bba sasniedz <strong data-start=\"542\" data-end=\"552\">300 kg<\/strong>, nodro\u0161inot dro\u0161u un stabilu pre\u010du transport\u0113\u0161anu.<\/p>\n<hr data-start=\"780\" data-end=\"783\" \/>\n<h3 data-start=\"785\" data-end=\"818\">K\u0101p\u0113c izv\u0113l\u0113ties \u0161os rati\u0146us?<\/h3>\n<ul>\n<li data-start=\"820\" data-end=\"1031\">Iztur\u012bga konstrukcija no ner\u016bs\u0113jo\u0161\u0101 t\u0113rauda<\/li>\n<li data-start=\"820\" data-end=\"1031\">Piem\u0113roti intens\u012bvai profesion\u0101lai lieto\u0161anai<\/li>\n<li data-start=\"820\" data-end=\"1031\">Viegli kopjami un higi\u0113niski<\/li>\n<li data-start=\"820\" data-end=\"1031\">Liela kravnes\u012bba \u2013 l\u012bdz 300 kg<\/li>\n<li data-start=\"820\" data-end=\"1031\">\u0112rta pre\u010du p\u0101rvieto\u0161ana starp darba zon\u0101m<\/li>\n<\/ul>\n<p data-start=\"1033\" data-end=\"1183\">\u0160ie 3 l\u012bme\u0146u rati\u0146i ir praktisks risin\u0101jums gan produktu transport\u0113\u0161anai virtuv\u0113, gan instrumentu un materi\u0101lu p\u0101rvieto\u0161anai darbn\u012bc\u0101s vai noliktav\u0101s.<\/p>\n<p data-start=\"1185\" data-end=\"1259\">Izv\u0113lieties uzticamu un ilgtsp\u0113j\u012bgu apr\u012bkojumu no <strong data-start=\"1235\" data-end=\"1258\">Noliktavas Eksperta<\/strong>!<\/p>\n","protected":false},"excerpt":{"rendered":"<p>Visi rite\u0146i ir groz\u0101mi, no kuriem divi apr\u012bkoti ar brem\u017eu meh\u0101nismu dro\u0161ai fiks\u0101cijai.<\/p>\n<p>Uz vietas pieejami 3 gabali.<\/p>\n<ul>\n<li><strong>Augstums:<\/strong> 930 mm<\/li>\n<li><strong>Platums:<\/strong> 500 mm<\/li>\n<li><strong>Garums : <\/strong>900\u00a0mm<\/li>\n<li><strong>L\u012bme\u0146u skaits:<\/strong> 3<\/li>\n<li><strong>Materi\u0101ls:<\/strong> Ner\u016bs\u0113jo\u0161ais t\u0113rauds<\/li>\n<li><strong>Kravnes\u012bba:<\/strong> 300 kg<\/li>\n<\/ul>\n<p>&nbsp;<\/p>\n","protected":false},"featured_media":30859,"template":"","meta":{"_joinchat":[]},"product_brand":[],"product_cat":[],"product_tag":[],"class_list":{"0":"post-30871","1":"product","2":"type-product","3":"status-publish","4":"has-post-thumbnail","7":"first","8":"outofstock","9":"sale","10":"taxable","11":"shipping-taxable","12":"purchasable","13":"product-type-simple"},"yoast_head":"<!-- This site is optimized with the Yoast SEO plugin v27.2 - https:\/\/yoast.com\/product\/yoast-seo-wordpress\/ -->\n<title>Mazlietoti ner\u016bs\u0113jo\u0161\u0101 t\u0113rauda 3 l\u012bme\u0146u rati\u0146i - Noliktavas Eksperts<\/title>\n<meta name=\"description\" content=\"Ner\u016bs\u0113jo\u0161\u0101 t\u0113rauda rati\u0146i ar 3 plauktu l\u012bme\u0146iem. Augstums 930 mm, plaukti 500x900 mm, kravnes\u012bba 300 kg. Iztur\u012bgi un higi\u0113niski profesion\u0101lai lieto\u0161anai.\" \/>\n<meta name=\"robots\" content=\"index, follow, max-snippet:-1, max-image-preview:large, max-video-preview:-1\" \/>\n<link rel=\"canonical\" href=\"https:\/\/noliktavaseksperts.coverl.id.lv\/prece\/nerusejosa-terauda-ratini-3-limeni-300kg\/\" \/>\n<meta property=\"og:locale\" content=\"lv_LV\" \/>\n<meta property=\"og:type\" content=\"article\" \/>\n<meta property=\"og:title\" content=\"Mazlietoti ner\u016bs\u0113jo\u0161\u0101 t\u0113rauda 3 l\u012bme\u0146u rati\u0146i - Noliktavas Eksperts\" \/>\n<meta property=\"og:description\" content=\"Ner\u016bs\u0113jo\u0161\u0101 t\u0113rauda rati\u0146i ar 3 plauktu l\u012bme\u0146iem. Augstums 930 mm, plaukti 500x900 mm, kravnes\u012bba 300 kg. Iztur\u012bgi un higi\u0113niski profesion\u0101lai lieto\u0161anai.\" \/>\n<meta property=\"og:url\" content=\"https:\/\/noliktavaseksperts.coverl.id.lv\/prece\/nerusejosa-terauda-ratini-3-limeni-300kg\/\" \/>\n<meta property=\"og:site_name\" content=\"Noliktavas Eksperts\" \/>\n<meta property=\"article:modified_time\" content=\"2026-03-02T08:42:20+00:00\" \/>\n<meta property=\"og:image\" content=\"https:\/\/noliktavaseksperts.coverl.id.lv\/wp-content\/uploads\/2026\/02\/1-3.jpeg\" \/>\n\t<meta property=\"og:image:width\" content=\"681\" \/>\n\t<meta property=\"og:image:height\" content=\"800\" \/>\n\t<meta property=\"og:image:type\" content=\"image\/jpeg\" \/>\n<meta name=\"twitter:card\" content=\"summary_large_image\" \/>\n<meta name=\"twitter:label1\" content=\"Est. reading time\" \/>\n\t<meta name=\"twitter:data1\" content=\"1 min\u016bte\" \/>\n<script type=\"application\/ld+json\" class=\"yoast-schema-graph\">{\"@context\":\"https:\/\/schema.org\",\"@graph\":[{\"@type\":\"WebPage\",\"@id\":\"https:\/\/noliktavaseksperts.coverl.id.lv\/prece\/nerusejosa-terauda-ratini-3-limeni-300kg\/\",\"url\":\"https:\/\/noliktavaseksperts.coverl.id.lv\/prece\/nerusejosa-terauda-ratini-3-limeni-300kg\/\",\"name\":\"Mazlietoti ner\u016bs\u0113jo\u0161\u0101 t\u0113rauda 3 l\u012bme\u0146u rati\u0146i - Noliktavas Eksperts\",\"isPartOf\":{\"@id\":\"https:\/\/noliktavaseksperts.coverl.id.lv\/#website\"},\"primaryImageOfPage\":{\"@id\":\"https:\/\/noliktavaseksperts.coverl.id.lv\/prece\/nerusejosa-terauda-ratini-3-limeni-300kg\/#primaryimage\"},\"image\":{\"@id\":\"https:\/\/noliktavaseksperts.coverl.id.lv\/prece\/nerusejosa-terauda-ratini-3-limeni-300kg\/#primaryimage\"},\"thumbnailUrl\":\"https:\/\/noliktavaseksperts.coverl.id.lv\/wp-content\/uploads\/2026\/02\/1-3.jpeg\",\"datePublished\":\"2026-02-19T07:54:19+00:00\",\"dateModified\":\"2026-03-02T08:42:20+00:00\",\"description\":\"Ner\u016bs\u0113jo\u0161\u0101 t\u0113rauda rati\u0146i ar 3 plauktu l\u012bme\u0146iem. Augstums 930 mm, plaukti 500x900 mm, kravnes\u012bba 300 kg. Iztur\u012bgi un higi\u0113niski profesion\u0101lai lieto\u0161anai.\",\"breadcrumb\":{\"@id\":\"https:\/\/noliktavaseksperts.coverl.id.lv\/prece\/nerusejosa-terauda-ratini-3-limeni-300kg\/#breadcrumb\"},\"inLanguage\":\"lv-LV\",\"potentialAction\":[{\"@type\":\"ReadAction\",\"target\":[\"https:\/\/noliktavaseksperts.coverl.id.lv\/prece\/nerusejosa-terauda-ratini-3-limeni-300kg\/\"]}]},{\"@type\":\"ImageObject\",\"inLanguage\":\"lv-LV\",\"@id\":\"https:\/\/noliktavaseksperts.coverl.id.lv\/prece\/nerusejosa-terauda-ratini-3-limeni-300kg\/#primaryimage\",\"url\":\"https:\/\/noliktavaseksperts.coverl.id.lv\/wp-content\/uploads\/2026\/02\/1-3.jpeg\",\"contentUrl\":\"https:\/\/noliktavaseksperts.coverl.id.lv\/wp-content\/uploads\/2026\/02\/1-3.jpeg\",\"width\":681,\"height\":800},{\"@type\":\"BreadcrumbList\",\"@id\":\"https:\/\/noliktavaseksperts.coverl.id.lv\/prece\/nerusejosa-terauda-ratini-3-limeni-300kg\/#breadcrumb\",\"itemListElement\":[{\"@type\":\"ListItem\",\"position\":1,\"name\":\"Home\",\"item\":\"https:\/\/noliktavaseksperts.coverl.id.lv\/\"},{\"@type\":\"ListItem\",\"position\":2,\"name\":\"Veikals\",\"item\":\"https:\/\/noliktavaseksperts.coverl.id.lv\/?page_id=10626\"},{\"@type\":\"ListItem\",\"position\":3,\"name\":\"Mazlietoti ner\u016bs\u0113jo\u0161\u0101 t\u0113rauda 3 l\u012bme\u0146u rati\u0146i\"}]},{\"@type\":\"WebSite\",\"@id\":\"https:\/\/noliktavaseksperts.coverl.id.lv\/#website\",\"url\":\"https:\/\/noliktavaseksperts.coverl.id.lv\/\",\"name\":\"Noliktavas Eksperts\",\"description\":\"Noliktavas\u00a0apr\u012bkojums\",\"publisher\":{\"@id\":\"https:\/\/noliktavaseksperts.coverl.id.lv\/#organization\"},\"potentialAction\":[{\"@type\":\"SearchAction\",\"target\":{\"@type\":\"EntryPoint\",\"urlTemplate\":\"https:\/\/noliktavaseksperts.coverl.id.lv\/?s={search_term_string}\"},\"query-input\":{\"@type\":\"PropertyValueSpecification\",\"valueRequired\":true,\"valueName\":\"search_term_string\"}}],\"inLanguage\":\"lv-LV\"},{\"@type\":\"Organization\",\"@id\":\"https:\/\/noliktavaseksperts.coverl.id.lv\/#organization\",\"name\":\"Noliktavas Eksperts\",\"url\":\"https:\/\/noliktavaseksperts.coverl.id.lv\/\",\"logo\":{\"@type\":\"ImageObject\",\"inLanguage\":\"lv-LV\",\"@id\":\"https:\/\/noliktavaseksperts.coverl.id.lv\/#\/schema\/logo\/image\/\",\"url\":\"https:\/\/noliktavaseksperts.coverl.id.lv\/wp-content\/uploads\/2025\/05\/logo_variacijas-09-1.webp\",\"contentUrl\":\"https:\/\/noliktavaseksperts.coverl.id.lv\/wp-content\/uploads\/2025\/05\/logo_variacijas-09-1.webp\",\"width\":350,\"height\":350,\"caption\":\"Noliktavas Eksperts\"},\"image\":{\"@id\":\"https:\/\/noliktavaseksperts.coverl.id.lv\/#\/schema\/logo\/image\/\"}}]}<\/script>\n<!-- \/ Yoast SEO plugin. -->","yoast_head_json":{"title":"Mazlietoti ner\u016bs\u0113jo\u0161\u0101 t\u0113rauda 3 l\u012bme\u0146u rati\u0146i - Noliktavas Eksperts","description":"Ner\u016bs\u0113jo\u0161\u0101 t\u0113rauda rati\u0146i ar 3 plauktu l\u012bme\u0146iem. Augstums 930 mm, plaukti 500x900 mm, kravnes\u012bba 300 kg. Iztur\u012bgi un higi\u0113niski profesion\u0101lai lieto\u0161anai.","robots":{"index":"index","follow":"follow","max-snippet":"max-snippet:-1","max-image-preview":"max-image-preview:large","max-video-preview":"max-video-preview:-1"},"canonical":"https:\/\/noliktavaseksperts.coverl.id.lv\/prece\/nerusejosa-terauda-ratini-3-limeni-300kg\/","og_locale":"lv_LV","og_type":"article","og_title":"Mazlietoti ner\u016bs\u0113jo\u0161\u0101 t\u0113rauda 3 l\u012bme\u0146u rati\u0146i - Noliktavas Eksperts","og_description":"Ner\u016bs\u0113jo\u0161\u0101 t\u0113rauda rati\u0146i ar 3 plauktu l\u012bme\u0146iem. Augstums 930 mm, plaukti 500x900 mm, kravnes\u012bba 300 kg. Iztur\u012bgi un higi\u0113niski profesion\u0101lai lieto\u0161anai.","og_url":"https:\/\/noliktavaseksperts.coverl.id.lv\/prece\/nerusejosa-terauda-ratini-3-limeni-300kg\/","og_site_name":"Noliktavas Eksperts","article_modified_time":"2026-03-02T08:42:20+00:00","og_image":[{"width":681,"height":800,"url":"https:\/\/noliktavaseksperts.coverl.id.lv\/wp-content\/uploads\/2026\/02\/1-3.jpeg","type":"image\/jpeg"}],"twitter_card":"summary_large_image","twitter_misc":{"Est. reading time":"1 min\u016bte"},"schema":{"@context":"https:\/\/schema.org","@graph":[{"@type":"WebPage","@id":"https:\/\/noliktavaseksperts.coverl.id.lv\/prece\/nerusejosa-terauda-ratini-3-limeni-300kg\/","url":"https:\/\/noliktavaseksperts.coverl.id.lv\/prece\/nerusejosa-terauda-ratini-3-limeni-300kg\/","name":"Mazlietoti ner\u016bs\u0113jo\u0161\u0101 t\u0113rauda 3 l\u012bme\u0146u rati\u0146i - Noliktavas Eksperts","isPartOf":{"@id":"https:\/\/noliktavaseksperts.coverl.id.lv\/#website"},"primaryImageOfPage":{"@id":"https:\/\/noliktavaseksperts.coverl.id.lv\/prece\/nerusejosa-terauda-ratini-3-limeni-300kg\/#primaryimage"},"image":{"@id":"https:\/\/noliktavaseksperts.coverl.id.lv\/prece\/nerusejosa-terauda-ratini-3-limeni-300kg\/#primaryimage"},"thumbnailUrl":"https:\/\/noliktavaseksperts.coverl.id.lv\/wp-content\/uploads\/2026\/02\/1-3.jpeg","datePublished":"2026-02-19T07:54:19+00:00","dateModified":"2026-03-02T08:42:20+00:00","description":"Ner\u016bs\u0113jo\u0161\u0101 t\u0113rauda rati\u0146i ar 3 plauktu l\u012bme\u0146iem. Augstums 930 mm, plaukti 500x900 mm, kravnes\u012bba 300 kg. Iztur\u012bgi un higi\u0113niski profesion\u0101lai lieto\u0161anai.","breadcrumb":{"@id":"https:\/\/noliktavaseksperts.coverl.id.lv\/prece\/nerusejosa-terauda-ratini-3-limeni-300kg\/#breadcrumb"},"inLanguage":"lv-LV","potentialAction":[{"@type":"ReadAction","target":["https:\/\/noliktavaseksperts.coverl.id.lv\/prece\/nerusejosa-terauda-ratini-3-limeni-300kg\/"]}]},{"@type":"ImageObject","inLanguage":"lv-LV","@id":"https:\/\/noliktavaseksperts.coverl.id.lv\/prece\/nerusejosa-terauda-ratini-3-limeni-300kg\/#primaryimage","url":"https:\/\/noliktavaseksperts.coverl.id.lv\/wp-content\/uploads\/2026\/02\/1-3.jpeg","contentUrl":"https:\/\/noliktavaseksperts.coverl.id.lv\/wp-content\/uploads\/2026\/02\/1-3.jpeg","width":681,"height":800},{"@type":"BreadcrumbList","@id":"https:\/\/noliktavaseksperts.coverl.id.lv\/prece\/nerusejosa-terauda-ratini-3-limeni-300kg\/#breadcrumb","itemListElement":[{"@type":"ListItem","position":1,"name":"Home","item":"https:\/\/noliktavaseksperts.coverl.id.lv\/"},{"@type":"ListItem","position":2,"name":"Veikals","item":"https:\/\/noliktavaseksperts.coverl.id.lv\/?page_id=10626"},{"@type":"ListItem","position":3,"name":"Mazlietoti ner\u016bs\u0113jo\u0161\u0101 t\u0113rauda 3 l\u012bme\u0146u rati\u0146i"}]},{"@type":"WebSite","@id":"https:\/\/noliktavaseksperts.coverl.id.lv\/#website","url":"https:\/\/noliktavaseksperts.coverl.id.lv\/","name":"Noliktavas Eksperts","description":"Noliktavas\u00a0apr\u012bkojums","publisher":{"@id":"https:\/\/noliktavaseksperts.coverl.id.lv\/#organization"},"potentialAction":[{"@type":"SearchAction","target":{"@type":"EntryPoint","urlTemplate":"https:\/\/noliktavaseksperts.coverl.id.lv\/?s={search_term_string}"},"query-input":{"@type":"PropertyValueSpecification","valueRequired":true,"valueName":"search_term_string"}}],"inLanguage":"lv-LV"},{"@type":"Organization","@id":"https:\/\/noliktavaseksperts.coverl.id.lv\/#organization","name":"Noliktavas Eksperts","url":"https:\/\/noliktavaseksperts.coverl.id.lv\/","logo":{"@type":"ImageObject","inLanguage":"lv-LV","@id":"https:\/\/noliktavaseksperts.coverl.id.lv\/#\/schema\/logo\/image\/","url":"https:\/\/noliktavaseksperts.coverl.id.lv\/wp-content\/uploads\/2025\/05\/logo_variacijas-09-1.webp","contentUrl":"https:\/\/noliktavaseksperts.coverl.id.lv\/wp-content\/uploads\/2025\/05\/logo_variacijas-09-1.webp","width":350,"height":350,"caption":"Noliktavas Eksperts"},"image":{"@id":"https:\/\/noliktavaseksperts.coverl.id.lv\/#\/schema\/logo\/image\/"}}]}},"_links":{"self":[{"href":"https:\/\/noliktavaseksperts.coverl.id.lv\/index.php?rest_route=\/wp\/v2\/product\/30871","targetHints":{"allow":["GET"]}}],"collection":[{"href":"https:\/\/noliktavaseksperts.coverl.id.lv\/index.php?rest_route=\/wp\/v2\/product"}],"about":[{"href":"https:\/\/noliktavaseksperts.coverl.id.lv\/index.php?rest_route=\/wp\/v2\/types\/product"}],"version-history":[{"count":0,"href":"https:\/\/noliktavaseksperts.coverl.id.lv\/index.php?rest_route=\/wp\/v2\/product\/30871\/revisions"}],"wp:featuredmedia":[{"embeddable":true,"href":"https:\/\/noliktavaseksperts.coverl.id.lv\/index.php?rest_route=\/wp\/v2\/media\/30859"}],"wp:attachment":[{"href":"https:\/\/noliktavaseksperts.coverl.id.lv\/index.php?rest_route=%2Fwp%2Fv2%2Fmedia&parent=30871"}],"wp:term":[{"taxonomy":"product_brand","embeddable":true,"href":"https:\/\/noliktavaseksperts.coverl.id.lv\/index.php?rest_route=%2Fwp%2Fv2%2Fproduct_brand&post=30871"},{"taxonomy":"product_cat","embeddable":true,"href":"https:\/\/noliktavaseksperts.coverl.id.lv\/index.php?rest_route=%2Fwp%2Fv2%2Fproduct_cat&post=30871"},{"taxonomy":"product_tag","embeddable":true,"href":"https:\/\/noliktavaseksperts.coverl.id.lv\/index.php?rest_route=%2Fwp%2Fv2%2Fproduct_tag&post=30871"}],"curies":[{"name":"wp","href":"https:\/\/api.w.org\/{rel}","templated":true}]}}