{"id":30680,"date":"2026-01-22T20:21:01","date_gmt":"2026-01-22T18:21:01","guid":{"rendered":"https:\/\/noliktavaseksperts.coverl.id.lv\/?post_type=product&#038;p=30680"},"modified":"2026-01-26T11:38:10","modified_gmt":"2026-01-26T09:38:10","slug":"garderobes-skapis-6-durtinas-180cm","status":"publish","type":"product","link":"https:\/\/noliktavaseksperts.coverl.id.lv\/?product=garderobes-skapis-6-durtinas-180cm","title":{"rendered":"Lietots s\u012bklietu skapis ar 6 durti\u0146\u0101m"},"content":{"rendered":"<h3 data-start=\"0\" data-end=\"68\">Lietoti met\u0101la skapji \u2013 uzticama kvalit\u0101te par izdev\u012bg\u0101ku cenu!<\/h3>\n<p data-start=\"70\" data-end=\"276\">Ide\u0101li piem\u0113roti\u00a0<strong data-start=\"208\" data-end=\"242\">noliktav\u0101m, birojiem, gar\u0101\u017e\u0101m, darbn\u012bc\u0101m<\/strong>\u00a0un cit\u0101m uzglab\u0101\u0161anas vajadz\u012bb\u0101m.<\/p>\n<hr data-start=\"278\" data-end=\"281\" \/>\n<h3 data-start=\"283\" data-end=\"330\">K\u0101p\u0113c izv\u0113l\u0113ties lietotus met\u0101la skapjus?<\/h3>\n<ul data-start=\"332\" data-end=\"660\">\n<li data-start=\"332\" data-end=\"411\">\n<p data-start=\"334\" data-end=\"411\"><strong data-start=\"334\" data-end=\"360\">Iev\u0113rojams ietaup\u012bjums<\/strong>\u00a0\u2013 l\u012bdz pat\u00a0<strong data-start=\"372\" data-end=\"389\">30\u201350 % l\u0113t\u0101k<\/strong>\u00a0nek\u0101 jauni skapji;<\/p>\n<\/li>\n<li data-start=\"412\" data-end=\"486\">\n<p data-start=\"414\" data-end=\"486\"><strong data-start=\"414\" data-end=\"438\">P\u0101rbaud\u012bta kvalit\u0101te<\/strong>\u00a0\u2013 z\u012bmola uzticam\u012bba un konstrukciju iztur\u012bba;<\/p>\n<\/li>\n<li data-start=\"576\" data-end=\"660\">\n<p data-start=\"578\" data-end=\"660\"><strong data-start=\"578\" data-end=\"608\">Videi draudz\u012bgs risin\u0101jums<\/strong>\u00a0\u2013 otrreiz\u0113ja izmanto\u0161ana samazina resursu pat\u0113ri\u0146u.<\/p>\n<\/li>\n<\/ul>\n<hr data-start=\"662\" data-end=\"665\" \/>\n<p data-start=\"667\" data-end=\"787\" data-is-last-node=\"\" data-is-only-node=\"\">Izv\u0113lieties praktisku un ekonomisku uzglab\u0101\u0161anas risin\u0101jumu ar\u00a0<strong data-start=\"730\" data-end=\"761\">lietotiem met\u0101la skapjiem<\/strong>\u00a0no\u00a0<strong><em data-start=\"765\" data-end=\"786\">Noliktavas Eksperts<\/em>!<\/strong><\/p>\n","protected":false},"excerpt":{"rendered":"<p>Durti\u0146as stingri veras un paliek ciet, bet liel\u0101ko da\u013cu no durti\u0146\u0101m nav iesp\u0113jams aizsl\u0113gt.<\/p>\n<p><strong>Augstums:<\/strong>\u00a01800 mm<br \/>\n<strong>Dzi\u013cums:<\/strong> 320 mm<br \/>\n<strong>Platums:<\/strong> 895 mm<br \/>\n<strong>Durti\u0146u skaits korpus\u0101:<\/strong> 6<br \/>\n<strong>Katra nodal\u012bjuma izm\u0113rs:<\/strong> A790 x P250 mm<\/p>\n","protected":false},"featured_media":30681,"template":"","meta":{"_joinchat":[]},"product_brand":[],"product_cat":[619,441],"product_tag":[],"class_list":{"0":"post-30680","1":"product","2":"type-product","3":"status-publish","4":"has-post-thumbnail","6":"product_cat-ipasie-piedavajumi","7":"product_cat-lietotiplauktiskapji","9":"first","10":"instock","11":"sale","12":"taxable","13":"shipping-taxable","14":"purchasable","15":"product-type-simple"},"yoast_head":"<!-- This site is optimized with the Yoast SEO plugin v27.2 - https:\/\/yoast.com\/product\/yoast-seo-wordpress\/ -->\n<title>Lietots s\u012bklietu skapis ar 6 durti\u0146\u0101m<\/title>\n<meta name=\"description\" content=\"Praktisks garderobes skapis ar 6 durti\u0146\u0101m, augstums 180 cm, platums 895 mm un dzi\u013cums 320 mm. Kompakts risin\u0101jums ap\u0123\u0113rbu glab\u0101\u0161anai m\u0101j\u0101s vai biroj\u0101.\" \/>\n<meta name=\"robots\" content=\"index, follow, max-snippet:-1, max-image-preview:large, max-video-preview:-1\" \/>\n<link rel=\"canonical\" href=\"https:\/\/noliktavaseksperts.coverl.id.lv\/prece\/garderobes-skapis-6-durtinas-180cm\/\" \/>\n<meta property=\"og:locale\" content=\"lv_LV\" \/>\n<meta property=\"og:type\" content=\"article\" \/>\n<meta property=\"og:title\" content=\"Lietots s\u012bklietu skapis ar 6 durti\u0146\u0101m\" \/>\n<meta property=\"og:description\" content=\"Praktisks garderobes skapis ar 6 durti\u0146\u0101m, augstums 180 cm, platums 895 mm un dzi\u013cums 320 mm. Kompakts risin\u0101jums ap\u0123\u0113rbu glab\u0101\u0161anai m\u0101j\u0101s vai biroj\u0101.\" \/>\n<meta property=\"og:url\" content=\"https:\/\/noliktavaseksperts.coverl.id.lv\/prece\/garderobes-skapis-6-durtinas-180cm\/\" \/>\n<meta property=\"og:site_name\" content=\"Noliktavas Eksperts\" \/>\n<meta property=\"article:modified_time\" content=\"2026-01-26T09:38:10+00:00\" \/>\n<meta property=\"og:image\" content=\"https:\/\/noliktavaseksperts.coverl.id.lv\/wp-content\/uploads\/2026\/01\/WhatsApp-Image-2026-01-22-at-20.08.55.jpeg\" \/>\n\t<meta property=\"og:image:width\" content=\"938\" \/>\n\t<meta property=\"og:image:height\" content=\"1600\" \/>\n\t<meta property=\"og:image:type\" content=\"image\/jpeg\" \/>\n<meta name=\"twitter:card\" content=\"summary_large_image\" \/>\n<meta name=\"twitter:label1\" content=\"Est. reading time\" \/>\n\t<meta name=\"twitter:data1\" content=\"1 min\u016bte\" \/>\n<script type=\"application\/ld+json\" class=\"yoast-schema-graph\">{\"@context\":\"https:\/\/schema.org\",\"@graph\":[{\"@type\":\"WebPage\",\"@id\":\"https:\/\/noliktavaseksperts.coverl.id.lv\/prece\/garderobes-skapis-6-durtinas-180cm\/\",\"url\":\"https:\/\/noliktavaseksperts.coverl.id.lv\/prece\/garderobes-skapis-6-durtinas-180cm\/\",\"name\":\"Lietots s\u012bklietu skapis ar 6 durti\u0146\u0101m\",\"isPartOf\":{\"@id\":\"https:\/\/noliktavaseksperts.coverl.id.lv\/#website\"},\"primaryImageOfPage\":{\"@id\":\"https:\/\/noliktavaseksperts.coverl.id.lv\/prece\/garderobes-skapis-6-durtinas-180cm\/#primaryimage\"},\"image\":{\"@id\":\"https:\/\/noliktavaseksperts.coverl.id.lv\/prece\/garderobes-skapis-6-durtinas-180cm\/#primaryimage\"},\"thumbnailUrl\":\"https:\/\/noliktavaseksperts.coverl.id.lv\/wp-content\/uploads\/2026\/01\/WhatsApp-Image-2026-01-22-at-20.08.55.jpeg\",\"datePublished\":\"2026-01-22T18:21:01+00:00\",\"dateModified\":\"2026-01-26T09:38:10+00:00\",\"description\":\"Praktisks garderobes skapis ar 6 durti\u0146\u0101m, augstums 180 cm, platums 895 mm un dzi\u013cums 320 mm. Kompakts risin\u0101jums ap\u0123\u0113rbu glab\u0101\u0161anai m\u0101j\u0101s vai biroj\u0101.\",\"breadcrumb\":{\"@id\":\"https:\/\/noliktavaseksperts.coverl.id.lv\/prece\/garderobes-skapis-6-durtinas-180cm\/#breadcrumb\"},\"inLanguage\":\"lv-LV\",\"potentialAction\":[{\"@type\":\"ReadAction\",\"target\":[\"https:\/\/noliktavaseksperts.coverl.id.lv\/prece\/garderobes-skapis-6-durtinas-180cm\/\"]}]},{\"@type\":\"ImageObject\",\"inLanguage\":\"lv-LV\",\"@id\":\"https:\/\/noliktavaseksperts.coverl.id.lv\/prece\/garderobes-skapis-6-durtinas-180cm\/#primaryimage\",\"url\":\"https:\/\/noliktavaseksperts.coverl.id.lv\/wp-content\/uploads\/2026\/01\/WhatsApp-Image-2026-01-22-at-20.08.55.jpeg\",\"contentUrl\":\"https:\/\/noliktavaseksperts.coverl.id.lv\/wp-content\/uploads\/2026\/01\/WhatsApp-Image-2026-01-22-at-20.08.55.jpeg\",\"width\":938,\"height\":1600},{\"@type\":\"BreadcrumbList\",\"@id\":\"https:\/\/noliktavaseksperts.coverl.id.lv\/prece\/garderobes-skapis-6-durtinas-180cm\/#breadcrumb\",\"itemListElement\":[{\"@type\":\"ListItem\",\"position\":1,\"name\":\"Home\",\"item\":\"https:\/\/noliktavaseksperts.coverl.id.lv\/\"},{\"@type\":\"ListItem\",\"position\":2,\"name\":\"Veikals\",\"item\":\"https:\/\/noliktavaseksperts.coverl.id.lv\/?page_id=10626\"},{\"@type\":\"ListItem\",\"position\":3,\"name\":\"Lietots s\u012bklietu skapis ar 6 durti\u0146\u0101m\"}]},{\"@type\":\"WebSite\",\"@id\":\"https:\/\/noliktavaseksperts.coverl.id.lv\/#website\",\"url\":\"https:\/\/noliktavaseksperts.coverl.id.lv\/\",\"name\":\"Noliktavas Eksperts\",\"description\":\"Noliktavas\u00a0apr\u012bkojums\",\"publisher\":{\"@id\":\"https:\/\/noliktavaseksperts.coverl.id.lv\/#organization\"},\"potentialAction\":[{\"@type\":\"SearchAction\",\"target\":{\"@type\":\"EntryPoint\",\"urlTemplate\":\"https:\/\/noliktavaseksperts.coverl.id.lv\/?s={search_term_string}\"},\"query-input\":{\"@type\":\"PropertyValueSpecification\",\"valueRequired\":true,\"valueName\":\"search_term_string\"}}],\"inLanguage\":\"lv-LV\"},{\"@type\":\"Organization\",\"@id\":\"https:\/\/noliktavaseksperts.coverl.id.lv\/#organization\",\"name\":\"Noliktavas Eksperts\",\"url\":\"https:\/\/noliktavaseksperts.coverl.id.lv\/\",\"logo\":{\"@type\":\"ImageObject\",\"inLanguage\":\"lv-LV\",\"@id\":\"https:\/\/noliktavaseksperts.coverl.id.lv\/#\/schema\/logo\/image\/\",\"url\":\"https:\/\/noliktavaseksperts.coverl.id.lv\/wp-content\/uploads\/2025\/05\/logo_variacijas-09-1.webp\",\"contentUrl\":\"https:\/\/noliktavaseksperts.coverl.id.lv\/wp-content\/uploads\/2025\/05\/logo_variacijas-09-1.webp\",\"width\":350,\"height\":350,\"caption\":\"Noliktavas Eksperts\"},\"image\":{\"@id\":\"https:\/\/noliktavaseksperts.coverl.id.lv\/#\/schema\/logo\/image\/\"}}]}<\/script>\n<!-- \/ Yoast SEO plugin. -->","yoast_head_json":{"title":"Lietots s\u012bklietu skapis ar 6 durti\u0146\u0101m","description":"Praktisks garderobes skapis ar 6 durti\u0146\u0101m, augstums 180 cm, platums 895 mm un dzi\u013cums 320 mm. Kompakts risin\u0101jums ap\u0123\u0113rbu glab\u0101\u0161anai m\u0101j\u0101s vai biroj\u0101.","robots":{"index":"index","follow":"follow","max-snippet":"max-snippet:-1","max-image-preview":"max-image-preview:large","max-video-preview":"max-video-preview:-1"},"canonical":"https:\/\/noliktavaseksperts.coverl.id.lv\/prece\/garderobes-skapis-6-durtinas-180cm\/","og_locale":"lv_LV","og_type":"article","og_title":"Lietots s\u012bklietu skapis ar 6 durti\u0146\u0101m","og_description":"Praktisks garderobes skapis ar 6 durti\u0146\u0101m, augstums 180 cm, platums 895 mm un dzi\u013cums 320 mm. Kompakts risin\u0101jums ap\u0123\u0113rbu glab\u0101\u0161anai m\u0101j\u0101s vai biroj\u0101.","og_url":"https:\/\/noliktavaseksperts.coverl.id.lv\/prece\/garderobes-skapis-6-durtinas-180cm\/","og_site_name":"Noliktavas Eksperts","article_modified_time":"2026-01-26T09:38:10+00:00","og_image":[{"width":938,"height":1600,"url":"https:\/\/noliktavaseksperts.coverl.id.lv\/wp-content\/uploads\/2026\/01\/WhatsApp-Image-2026-01-22-at-20.08.55.jpeg","type":"image\/jpeg"}],"twitter_card":"summary_large_image","twitter_misc":{"Est. reading time":"1 min\u016bte"},"schema":{"@context":"https:\/\/schema.org","@graph":[{"@type":"WebPage","@id":"https:\/\/noliktavaseksperts.coverl.id.lv\/prece\/garderobes-skapis-6-durtinas-180cm\/","url":"https:\/\/noliktavaseksperts.coverl.id.lv\/prece\/garderobes-skapis-6-durtinas-180cm\/","name":"Lietots s\u012bklietu skapis ar 6 durti\u0146\u0101m","isPartOf":{"@id":"https:\/\/noliktavaseksperts.coverl.id.lv\/#website"},"primaryImageOfPage":{"@id":"https:\/\/noliktavaseksperts.coverl.id.lv\/prece\/garderobes-skapis-6-durtinas-180cm\/#primaryimage"},"image":{"@id":"https:\/\/noliktavaseksperts.coverl.id.lv\/prece\/garderobes-skapis-6-durtinas-180cm\/#primaryimage"},"thumbnailUrl":"https:\/\/noliktavaseksperts.coverl.id.lv\/wp-content\/uploads\/2026\/01\/WhatsApp-Image-2026-01-22-at-20.08.55.jpeg","datePublished":"2026-01-22T18:21:01+00:00","dateModified":"2026-01-26T09:38:10+00:00","description":"Praktisks garderobes skapis ar 6 durti\u0146\u0101m, augstums 180 cm, platums 895 mm un dzi\u013cums 320 mm. Kompakts risin\u0101jums ap\u0123\u0113rbu glab\u0101\u0161anai m\u0101j\u0101s vai biroj\u0101.","breadcrumb":{"@id":"https:\/\/noliktavaseksperts.coverl.id.lv\/prece\/garderobes-skapis-6-durtinas-180cm\/#breadcrumb"},"inLanguage":"lv-LV","potentialAction":[{"@type":"ReadAction","target":["https:\/\/noliktavaseksperts.coverl.id.lv\/prece\/garderobes-skapis-6-durtinas-180cm\/"]}]},{"@type":"ImageObject","inLanguage":"lv-LV","@id":"https:\/\/noliktavaseksperts.coverl.id.lv\/prece\/garderobes-skapis-6-durtinas-180cm\/#primaryimage","url":"https:\/\/noliktavaseksperts.coverl.id.lv\/wp-content\/uploads\/2026\/01\/WhatsApp-Image-2026-01-22-at-20.08.55.jpeg","contentUrl":"https:\/\/noliktavaseksperts.coverl.id.lv\/wp-content\/uploads\/2026\/01\/WhatsApp-Image-2026-01-22-at-20.08.55.jpeg","width":938,"height":1600},{"@type":"BreadcrumbList","@id":"https:\/\/noliktavaseksperts.coverl.id.lv\/prece\/garderobes-skapis-6-durtinas-180cm\/#breadcrumb","itemListElement":[{"@type":"ListItem","position":1,"name":"Home","item":"https:\/\/noliktavaseksperts.coverl.id.lv\/"},{"@type":"ListItem","position":2,"name":"Veikals","item":"https:\/\/noliktavaseksperts.coverl.id.lv\/?page_id=10626"},{"@type":"ListItem","position":3,"name":"Lietots s\u012bklietu skapis ar 6 durti\u0146\u0101m"}]},{"@type":"WebSite","@id":"https:\/\/noliktavaseksperts.coverl.id.lv\/#website","url":"https:\/\/noliktavaseksperts.coverl.id.lv\/","name":"Noliktavas Eksperts","description":"Noliktavas\u00a0apr\u012bkojums","publisher":{"@id":"https:\/\/noliktavaseksperts.coverl.id.lv\/#organization"},"potentialAction":[{"@type":"SearchAction","target":{"@type":"EntryPoint","urlTemplate":"https:\/\/noliktavaseksperts.coverl.id.lv\/?s={search_term_string}"},"query-input":{"@type":"PropertyValueSpecification","valueRequired":true,"valueName":"search_term_string"}}],"inLanguage":"lv-LV"},{"@type":"Organization","@id":"https:\/\/noliktavaseksperts.coverl.id.lv\/#organization","name":"Noliktavas Eksperts","url":"https:\/\/noliktavaseksperts.coverl.id.lv\/","logo":{"@type":"ImageObject","inLanguage":"lv-LV","@id":"https:\/\/noliktavaseksperts.coverl.id.lv\/#\/schema\/logo\/image\/","url":"https:\/\/noliktavaseksperts.coverl.id.lv\/wp-content\/uploads\/2025\/05\/logo_variacijas-09-1.webp","contentUrl":"https:\/\/noliktavaseksperts.coverl.id.lv\/wp-content\/uploads\/2025\/05\/logo_variacijas-09-1.webp","width":350,"height":350,"caption":"Noliktavas Eksperts"},"image":{"@id":"https:\/\/noliktavaseksperts.coverl.id.lv\/#\/schema\/logo\/image\/"}}]}},"_links":{"self":[{"href":"https:\/\/noliktavaseksperts.coverl.id.lv\/index.php?rest_route=\/wp\/v2\/product\/30680","targetHints":{"allow":["GET"]}}],"collection":[{"href":"https:\/\/noliktavaseksperts.coverl.id.lv\/index.php?rest_route=\/wp\/v2\/product"}],"about":[{"href":"https:\/\/noliktavaseksperts.coverl.id.lv\/index.php?rest_route=\/wp\/v2\/types\/product"}],"version-history":[{"count":0,"href":"https:\/\/noliktavaseksperts.coverl.id.lv\/index.php?rest_route=\/wp\/v2\/product\/30680\/revisions"}],"wp:featuredmedia":[{"embeddable":true,"href":"https:\/\/noliktavaseksperts.coverl.id.lv\/index.php?rest_route=\/wp\/v2\/media\/30681"}],"wp:attachment":[{"href":"https:\/\/noliktavaseksperts.coverl.id.lv\/index.php?rest_route=%2Fwp%2Fv2%2Fmedia&parent=30680"}],"wp:term":[{"taxonomy":"product_brand","embeddable":true,"href":"https:\/\/noliktavaseksperts.coverl.id.lv\/index.php?rest_route=%2Fwp%2Fv2%2Fproduct_brand&post=30680"},{"taxonomy":"product_cat","embeddable":true,"href":"https:\/\/noliktavaseksperts.coverl.id.lv\/index.php?rest_route=%2Fwp%2Fv2%2Fproduct_cat&post=30680"},{"taxonomy":"product_tag","embeddable":true,"href":"https:\/\/noliktavaseksperts.coverl.id.lv\/index.php?rest_route=%2Fwp%2Fv2%2Fproduct_tag&post=30680"}],"curies":[{"name":"wp","href":"https:\/\/api.w.org\/{rel}","templated":true}]}}