{"id":30032,"date":"2025-10-02T15:02:16","date_gmt":"2025-10-02T12:02:16","guid":{"rendered":"https:\/\/noliktavaseksperts.coverl.id.lv\/?post_type=product&#038;p=30032"},"modified":"2026-03-03T15:42:15","modified_gmt":"2026-03-03T13:42:15","slug":"standarta-pvc-materials-200x2mm-50m-rullis","status":"publish","type":"product","link":"https:\/\/noliktavaseksperts.coverl.id.lv\/?product=standarta-pvc-materials-200x2mm-50m-rullis","title":{"rendered":"Standarta PVC materi\u0101ls \u2013 200x2mm &#8211; 50m rullis"},"content":{"rendered":"<h3 data-start=\"0\" data-end=\"73\">PVC ai\u013cu aizkaru loksnes \u2013 vienk\u0101r\u0161s un efekt\u012bvs risin\u0101jums telpu aizsardz\u012bbai!<\/h3>\n<p data-start=\"75\" data-end=\"311\"><strong data-start=\"75\" data-end=\"95\">PVC ai\u013cu aizkari<\/strong>\u00a0ir izgatavoti no augstas kvalit\u0101tes materi\u0101la, nodro\u0161inot\u00a0<strong data-start=\"154\" data-end=\"199\">iztur\u012bbu, ilgm\u016b\u017e\u012bbu un energoefektivit\u0101ti<\/strong>. Tie ir ide\u0101li piem\u0113roti da\u017e\u0101da veida\u00a0<strong data-start=\"238\" data-end=\"266\">durv\u012bm, ail\u0113m un v\u0101rtiem<\/strong>, gan r\u016bpniecisk\u0101s, gan saimniecisk\u0101s telp\u0101s.<\/p>\n<hr data-start=\"313\" data-end=\"316\" \/>\n<h3 data-start=\"318\" data-end=\"355\">K\u0101p\u0113c izv\u0113l\u0113ties PVC ai\u013cu lentes?<\/h3>\n<ul data-start=\"357\" data-end=\"813\">\n<li data-start=\"357\" data-end=\"487\">\n<p data-start=\"359\" data-end=\"487\"><strong data-start=\"359\" data-end=\"398\">Aizsardz\u012bba pret \u0101r\u0113jiem apst\u0101k\u013ciem<\/strong>\u00a0\u2013 pasarg\u0101 telpu no v\u0113ja, putek\u013ciem, lietus, kukai\u0146iem un citiem nelabv\u0113l\u012bgiem faktoriem;<\/p>\n<\/li>\n<li data-start=\"488\" data-end=\"604\">\n<p data-start=\"490\" data-end=\"604\"><strong data-start=\"490\" data-end=\"512\">Energoefektivit\u0101te<\/strong>\u00a0\u2013 pal\u012bdz saglab\u0101t siltumu ziem\u0101 un v\u0113sumu vasar\u0101, samazinot apkures un dzes\u0113\u0161anas izmaksas;<\/p>\n<\/li>\n<li data-start=\"605\" data-end=\"712\">\n<p data-start=\"607\" data-end=\"712\"><strong data-start=\"607\" data-end=\"632\">Vienk\u0101r\u0161a uzst\u0101d\u012b\u0161ana<\/strong>\u00a0\u2013 lentes ir viegli mont\u0113jamas un piel\u0101gojamas da\u017e\u0101diem izm\u0113riem un ai\u013cu tipiem;<\/p>\n<\/li>\n<li data-start=\"713\" data-end=\"813\">\n<p data-start=\"715\" data-end=\"813\"><strong data-start=\"715\" data-end=\"742\">Univers\u0101ls pielietojums<\/strong>\u00a0\u2013 piem\u0113rotas noliktav\u0101m, darbn\u012bc\u0101m, ra\u017eotn\u0113m, gar\u0101\u017e\u0101m un cit\u0101m telp\u0101m.<\/p>\n<\/li>\n<\/ul>\n<hr data-start=\"815\" data-end=\"818\" \/>\n<p data-start=\"820\" data-end=\"949\" data-is-last-node=\"\" data-is-only-node=\"\">Izv\u0113lieties\u00a0<strong data-start=\"832\" data-end=\"851\">PVC ai\u013cu lentes<\/strong>\u00a0no\u00a0<strong><em data-start=\"855\" data-end=\"876\">Noliktavas Eksperta<\/em>\u00a0<\/strong>\u2013 praktisks risin\u0101jums, kas nodro\u0161ina komfortu un aizsardz\u012bbu visu gadu!<\/p>\n","protected":false},"excerpt":{"rendered":"<p><strong>Cena nor\u0101d\u012bta par 50m rulli.<\/strong><br \/>\nJa nav nepiecie\u0161ams vesels rullis &#8211; ir iesp\u0113jams nopirkt jebkuru sev nepiecie\u0161amo daudzumu p\u0113c piepras\u012bjuma.<\/p>\n<p>200 x 2 mm standarta (gludais) materi\u0101ls ir paredz\u0113ts ail\u0113m bez past\u0101v\u012bgas kust\u012bbas, ar ailes augstumu l\u012bdz 2500mm<\/p>\n","protected":false},"featured_media":31018,"template":"","meta":{"_joinchat":[]},"product_brand":[],"product_cat":[438],"product_tag":[],"class_list":{"0":"post-30032","1":"product","2":"type-product","3":"status-publish","4":"has-post-thumbnail","6":"product_cat-pvc-aizkari","8":"first","9":"instock","10":"featured","11":"taxable","12":"shipping-taxable","13":"purchasable","14":"product-type-simple"},"yoast_head":"<!-- This site is optimized with the Yoast SEO plugin v27.2 - https:\/\/yoast.com\/product\/yoast-seo-wordpress\/ -->\n<title>PVC aizkari 200x2mm | Industri\u0101lais standarta PVC rullis<\/title>\n<meta name=\"description\" content=\"Mekl\u0113jat iztur\u012bgu PVC materi\u0101lu? Daudzfunkcion\u0101ls standarta PVC materi\u0101ls 200x2mm ru\u013c\u013cos. Lieliska izv\u0113le durv\u012bm, starpsien\u0101m un telpu aizsardz\u012bbai. Kvalit\u0101te garant\u0113ta.\" \/>\n<meta name=\"robots\" content=\"index, follow, max-snippet:-1, max-image-preview:large, max-video-preview:-1\" \/>\n<link rel=\"canonical\" href=\"https:\/\/noliktavaseksperts.coverl.id.lv\/prece\/standarta-pvc-materials-200x2mm-50m-rullis\/\" \/>\n<meta property=\"og:locale\" content=\"lv_LV\" \/>\n<meta property=\"og:type\" content=\"article\" \/>\n<meta property=\"og:title\" content=\"PVC aizkari 200x2mm | Industri\u0101lais standarta PVC rullis\" \/>\n<meta property=\"og:description\" content=\"Mekl\u0113jat iztur\u012bgu PVC materi\u0101lu? Daudzfunkcion\u0101ls standarta PVC materi\u0101ls 200x2mm ru\u013c\u013cos. Lieliska izv\u0113le durv\u012bm, starpsien\u0101m un telpu aizsardz\u012bbai. Kvalit\u0101te garant\u0113ta.\" \/>\n<meta property=\"og:url\" content=\"https:\/\/noliktavaseksperts.coverl.id.lv\/prece\/standarta-pvc-materials-200x2mm-50m-rullis\/\" \/>\n<meta property=\"og:site_name\" content=\"Noliktavas Eksperts\" \/>\n<meta property=\"article:modified_time\" content=\"2026-03-03T13:42:15+00:00\" \/>\n<meta property=\"og:image\" content=\"https:\/\/noliktavaseksperts.coverl.id.lv\/wp-content\/uploads\/2025\/10\/5.png\" \/>\n\t<meta property=\"og:image:width\" content=\"1600\" \/>\n\t<meta property=\"og:image:height\" content=\"1200\" \/>\n\t<meta property=\"og:image:type\" content=\"image\/png\" \/>\n<meta name=\"twitter:card\" content=\"summary_large_image\" \/>\n<meta name=\"twitter:label1\" content=\"Est. reading time\" \/>\n\t<meta name=\"twitter:data1\" content=\"1 min\u016bte\" \/>\n<script type=\"application\/ld+json\" class=\"yoast-schema-graph\">{\"@context\":\"https:\/\/schema.org\",\"@graph\":[{\"@type\":\"WebPage\",\"@id\":\"https:\/\/noliktavaseksperts.coverl.id.lv\/prece\/standarta-pvc-materials-200x2mm-50m-rullis\/\",\"url\":\"https:\/\/noliktavaseksperts.coverl.id.lv\/prece\/standarta-pvc-materials-200x2mm-50m-rullis\/\",\"name\":\"PVC aizkari 200x2mm | Industri\u0101lais standarta PVC rullis\",\"isPartOf\":{\"@id\":\"https:\/\/noliktavaseksperts.coverl.id.lv\/#website\"},\"primaryImageOfPage\":{\"@id\":\"https:\/\/noliktavaseksperts.coverl.id.lv\/prece\/standarta-pvc-materials-200x2mm-50m-rullis\/#primaryimage\"},\"image\":{\"@id\":\"https:\/\/noliktavaseksperts.coverl.id.lv\/prece\/standarta-pvc-materials-200x2mm-50m-rullis\/#primaryimage\"},\"thumbnailUrl\":\"https:\/\/noliktavaseksperts.coverl.id.lv\/wp-content\/uploads\/2025\/10\/5.png\",\"datePublished\":\"2025-10-02T12:02:16+00:00\",\"dateModified\":\"2026-03-03T13:42:15+00:00\",\"description\":\"Mekl\u0113jat iztur\u012bgu PVC materi\u0101lu? Daudzfunkcion\u0101ls standarta PVC materi\u0101ls 200x2mm ru\u013c\u013cos. Lieliska izv\u0113le durv\u012bm, starpsien\u0101m un telpu aizsardz\u012bbai. Kvalit\u0101te garant\u0113ta.\",\"breadcrumb\":{\"@id\":\"https:\/\/noliktavaseksperts.coverl.id.lv\/prece\/standarta-pvc-materials-200x2mm-50m-rullis\/#breadcrumb\"},\"inLanguage\":\"lv-LV\",\"potentialAction\":[{\"@type\":\"ReadAction\",\"target\":[\"https:\/\/noliktavaseksperts.coverl.id.lv\/prece\/standarta-pvc-materials-200x2mm-50m-rullis\/\"]}]},{\"@type\":\"ImageObject\",\"inLanguage\":\"lv-LV\",\"@id\":\"https:\/\/noliktavaseksperts.coverl.id.lv\/prece\/standarta-pvc-materials-200x2mm-50m-rullis\/#primaryimage\",\"url\":\"https:\/\/noliktavaseksperts.coverl.id.lv\/wp-content\/uploads\/2025\/10\/5.png\",\"contentUrl\":\"https:\/\/noliktavaseksperts.coverl.id.lv\/wp-content\/uploads\/2025\/10\/5.png\",\"width\":1600,\"height\":1200},{\"@type\":\"BreadcrumbList\",\"@id\":\"https:\/\/noliktavaseksperts.coverl.id.lv\/prece\/standarta-pvc-materials-200x2mm-50m-rullis\/#breadcrumb\",\"itemListElement\":[{\"@type\":\"ListItem\",\"position\":1,\"name\":\"Home\",\"item\":\"https:\/\/noliktavaseksperts.coverl.id.lv\/\"},{\"@type\":\"ListItem\",\"position\":2,\"name\":\"Veikals\",\"item\":\"https:\/\/noliktavaseksperts.coverl.id.lv\/?page_id=10626\"},{\"@type\":\"ListItem\",\"position\":3,\"name\":\"Standarta PVC materi\u0101ls \u2013 200x2mm &#8211; 50m rullis\"}]},{\"@type\":\"WebSite\",\"@id\":\"https:\/\/noliktavaseksperts.coverl.id.lv\/#website\",\"url\":\"https:\/\/noliktavaseksperts.coverl.id.lv\/\",\"name\":\"Noliktavas Eksperts\",\"description\":\"Noliktavas\u00a0apr\u012bkojums\",\"publisher\":{\"@id\":\"https:\/\/noliktavaseksperts.coverl.id.lv\/#organization\"},\"potentialAction\":[{\"@type\":\"SearchAction\",\"target\":{\"@type\":\"EntryPoint\",\"urlTemplate\":\"https:\/\/noliktavaseksperts.coverl.id.lv\/?s={search_term_string}\"},\"query-input\":{\"@type\":\"PropertyValueSpecification\",\"valueRequired\":true,\"valueName\":\"search_term_string\"}}],\"inLanguage\":\"lv-LV\"},{\"@type\":\"Organization\",\"@id\":\"https:\/\/noliktavaseksperts.coverl.id.lv\/#organization\",\"name\":\"Noliktavas Eksperts\",\"url\":\"https:\/\/noliktavaseksperts.coverl.id.lv\/\",\"logo\":{\"@type\":\"ImageObject\",\"inLanguage\":\"lv-LV\",\"@id\":\"https:\/\/noliktavaseksperts.coverl.id.lv\/#\/schema\/logo\/image\/\",\"url\":\"https:\/\/noliktavaseksperts.coverl.id.lv\/wp-content\/uploads\/2025\/05\/logo_variacijas-09-1.webp\",\"contentUrl\":\"https:\/\/noliktavaseksperts.coverl.id.lv\/wp-content\/uploads\/2025\/05\/logo_variacijas-09-1.webp\",\"width\":350,\"height\":350,\"caption\":\"Noliktavas Eksperts\"},\"image\":{\"@id\":\"https:\/\/noliktavaseksperts.coverl.id.lv\/#\/schema\/logo\/image\/\"}}]}<\/script>\n<!-- \/ Yoast SEO plugin. -->","yoast_head_json":{"title":"PVC aizkari 200x2mm | Industri\u0101lais standarta PVC rullis","description":"Mekl\u0113jat iztur\u012bgu PVC materi\u0101lu? Daudzfunkcion\u0101ls standarta PVC materi\u0101ls 200x2mm ru\u013c\u013cos. Lieliska izv\u0113le durv\u012bm, starpsien\u0101m un telpu aizsardz\u012bbai. Kvalit\u0101te garant\u0113ta.","robots":{"index":"index","follow":"follow","max-snippet":"max-snippet:-1","max-image-preview":"max-image-preview:large","max-video-preview":"max-video-preview:-1"},"canonical":"https:\/\/noliktavaseksperts.coverl.id.lv\/prece\/standarta-pvc-materials-200x2mm-50m-rullis\/","og_locale":"lv_LV","og_type":"article","og_title":"PVC aizkari 200x2mm | Industri\u0101lais standarta PVC rullis","og_description":"Mekl\u0113jat iztur\u012bgu PVC materi\u0101lu? Daudzfunkcion\u0101ls standarta PVC materi\u0101ls 200x2mm ru\u013c\u013cos. Lieliska izv\u0113le durv\u012bm, starpsien\u0101m un telpu aizsardz\u012bbai. Kvalit\u0101te garant\u0113ta.","og_url":"https:\/\/noliktavaseksperts.coverl.id.lv\/prece\/standarta-pvc-materials-200x2mm-50m-rullis\/","og_site_name":"Noliktavas Eksperts","article_modified_time":"2026-03-03T13:42:15+00:00","og_image":[{"width":1600,"height":1200,"url":"https:\/\/noliktavaseksperts.coverl.id.lv\/wp-content\/uploads\/2025\/10\/5.png","type":"image\/png"}],"twitter_card":"summary_large_image","twitter_misc":{"Est. reading time":"1 min\u016bte"},"schema":{"@context":"https:\/\/schema.org","@graph":[{"@type":"WebPage","@id":"https:\/\/noliktavaseksperts.coverl.id.lv\/prece\/standarta-pvc-materials-200x2mm-50m-rullis\/","url":"https:\/\/noliktavaseksperts.coverl.id.lv\/prece\/standarta-pvc-materials-200x2mm-50m-rullis\/","name":"PVC aizkari 200x2mm | Industri\u0101lais standarta PVC rullis","isPartOf":{"@id":"https:\/\/noliktavaseksperts.coverl.id.lv\/#website"},"primaryImageOfPage":{"@id":"https:\/\/noliktavaseksperts.coverl.id.lv\/prece\/standarta-pvc-materials-200x2mm-50m-rullis\/#primaryimage"},"image":{"@id":"https:\/\/noliktavaseksperts.coverl.id.lv\/prece\/standarta-pvc-materials-200x2mm-50m-rullis\/#primaryimage"},"thumbnailUrl":"https:\/\/noliktavaseksperts.coverl.id.lv\/wp-content\/uploads\/2025\/10\/5.png","datePublished":"2025-10-02T12:02:16+00:00","dateModified":"2026-03-03T13:42:15+00:00","description":"Mekl\u0113jat iztur\u012bgu PVC materi\u0101lu? Daudzfunkcion\u0101ls standarta PVC materi\u0101ls 200x2mm ru\u013c\u013cos. Lieliska izv\u0113le durv\u012bm, starpsien\u0101m un telpu aizsardz\u012bbai. Kvalit\u0101te garant\u0113ta.","breadcrumb":{"@id":"https:\/\/noliktavaseksperts.coverl.id.lv\/prece\/standarta-pvc-materials-200x2mm-50m-rullis\/#breadcrumb"},"inLanguage":"lv-LV","potentialAction":[{"@type":"ReadAction","target":["https:\/\/noliktavaseksperts.coverl.id.lv\/prece\/standarta-pvc-materials-200x2mm-50m-rullis\/"]}]},{"@type":"ImageObject","inLanguage":"lv-LV","@id":"https:\/\/noliktavaseksperts.coverl.id.lv\/prece\/standarta-pvc-materials-200x2mm-50m-rullis\/#primaryimage","url":"https:\/\/noliktavaseksperts.coverl.id.lv\/wp-content\/uploads\/2025\/10\/5.png","contentUrl":"https:\/\/noliktavaseksperts.coverl.id.lv\/wp-content\/uploads\/2025\/10\/5.png","width":1600,"height":1200},{"@type":"BreadcrumbList","@id":"https:\/\/noliktavaseksperts.coverl.id.lv\/prece\/standarta-pvc-materials-200x2mm-50m-rullis\/#breadcrumb","itemListElement":[{"@type":"ListItem","position":1,"name":"Home","item":"https:\/\/noliktavaseksperts.coverl.id.lv\/"},{"@type":"ListItem","position":2,"name":"Veikals","item":"https:\/\/noliktavaseksperts.coverl.id.lv\/?page_id=10626"},{"@type":"ListItem","position":3,"name":"Standarta PVC materi\u0101ls \u2013 200x2mm &#8211; 50m rullis"}]},{"@type":"WebSite","@id":"https:\/\/noliktavaseksperts.coverl.id.lv\/#website","url":"https:\/\/noliktavaseksperts.coverl.id.lv\/","name":"Noliktavas Eksperts","description":"Noliktavas\u00a0apr\u012bkojums","publisher":{"@id":"https:\/\/noliktavaseksperts.coverl.id.lv\/#organization"},"potentialAction":[{"@type":"SearchAction","target":{"@type":"EntryPoint","urlTemplate":"https:\/\/noliktavaseksperts.coverl.id.lv\/?s={search_term_string}"},"query-input":{"@type":"PropertyValueSpecification","valueRequired":true,"valueName":"search_term_string"}}],"inLanguage":"lv-LV"},{"@type":"Organization","@id":"https:\/\/noliktavaseksperts.coverl.id.lv\/#organization","name":"Noliktavas Eksperts","url":"https:\/\/noliktavaseksperts.coverl.id.lv\/","logo":{"@type":"ImageObject","inLanguage":"lv-LV","@id":"https:\/\/noliktavaseksperts.coverl.id.lv\/#\/schema\/logo\/image\/","url":"https:\/\/noliktavaseksperts.coverl.id.lv\/wp-content\/uploads\/2025\/05\/logo_variacijas-09-1.webp","contentUrl":"https:\/\/noliktavaseksperts.coverl.id.lv\/wp-content\/uploads\/2025\/05\/logo_variacijas-09-1.webp","width":350,"height":350,"caption":"Noliktavas Eksperts"},"image":{"@id":"https:\/\/noliktavaseksperts.coverl.id.lv\/#\/schema\/logo\/image\/"}}]}},"_links":{"self":[{"href":"https:\/\/noliktavaseksperts.coverl.id.lv\/index.php?rest_route=\/wp\/v2\/product\/30032","targetHints":{"allow":["GET"]}}],"collection":[{"href":"https:\/\/noliktavaseksperts.coverl.id.lv\/index.php?rest_route=\/wp\/v2\/product"}],"about":[{"href":"https:\/\/noliktavaseksperts.coverl.id.lv\/index.php?rest_route=\/wp\/v2\/types\/product"}],"version-history":[{"count":1,"href":"https:\/\/noliktavaseksperts.coverl.id.lv\/index.php?rest_route=\/wp\/v2\/product\/30032\/revisions"}],"predecessor-version":[{"id":31027,"href":"https:\/\/noliktavaseksperts.coverl.id.lv\/index.php?rest_route=\/wp\/v2\/product\/30032\/revisions\/31027"}],"wp:featuredmedia":[{"embeddable":true,"href":"https:\/\/noliktavaseksperts.coverl.id.lv\/index.php?rest_route=\/wp\/v2\/media\/31018"}],"wp:attachment":[{"href":"https:\/\/noliktavaseksperts.coverl.id.lv\/index.php?rest_route=%2Fwp%2Fv2%2Fmedia&parent=30032"}],"wp:term":[{"taxonomy":"product_brand","embeddable":true,"href":"https:\/\/noliktavaseksperts.coverl.id.lv\/index.php?rest_route=%2Fwp%2Fv2%2Fproduct_brand&post=30032"},{"taxonomy":"product_cat","embeddable":true,"href":"https:\/\/noliktavaseksperts.coverl.id.lv\/index.php?rest_route=%2Fwp%2Fv2%2Fproduct_cat&post=30032"},{"taxonomy":"product_tag","embeddable":true,"href":"https:\/\/noliktavaseksperts.coverl.id.lv\/index.php?rest_route=%2Fwp%2Fv2%2Fproduct_tag&post=30032"}],"curies":[{"name":"wp","href":"https:\/\/api.w.org\/{rel}","templated":true}]}}