{"id":24831,"date":"2025-04-15T22:08:31","date_gmt":"2025-04-15T19:08:31","guid":{"rendered":"https:\/\/noliktavaseksperts.coverl.id.lv\/?page_id=24831"},"modified":"2025-10-15T23:01:33","modified_gmt":"2025-10-15T20:01:33","slug":"tirdznieciba","status":"publish","type":"page","link":"https:\/\/noliktavaseksperts.coverl.id.lv\/?page_id=24831","title":{"rendered":"Tirdzniec\u012bba"},"content":{"rendered":"\t\t<div data-elementor-type=\"wp-page\" data-elementor-id=\"24831\" class=\"elementor elementor-24831\" data-elementor-post-type=\"page\">\n\t\t\t\t<div class=\"wd-negative-gap elementor-element elementor-element-143d974 e-flex e-con-boxed e-con e-parent\" data-id=\"143d974\" data-element_type=\"container\" data-e-type=\"container\" data-settings=\"{&quot;background_background&quot;:&quot;classic&quot;}\">\n\t\t\t\t\t<div class=\"e-con-inner\">\n\t\t<div class=\"elementor-element elementor-element-b42c369 e-con-full e-flex e-con e-child\" data-id=\"b42c369\" data-element_type=\"container\" data-e-type=\"container\">\n\t\t\t\t<div class=\"elementor-element elementor-element-3100232 wd-el-breadcrumbs text-left elementor-widget elementor-widget-wd_wc_breadcrumb\" data-id=\"3100232\" data-element_type=\"widget\" data-e-type=\"widget\" data-widget_type=\"wd_wc_breadcrumb.default\">\n\t\t\t\t<div class=\"elementor-widget-container\">\n\t\t\t\t\t<nav class=\"wd-breadcrumbs woocommerce-breadcrumb\" aria-label=\"Breadcrumb\">\t\t\t\t<span class=\"wd-last\">\n\t\t\t\t\tVeikals\t\t\t\t<\/span>\n\t\t\t<\/nav>\t\t\t\t<\/div>\n\t\t\t\t<\/div>\n\t\t\t\t<\/div>\n\t\t\t\t\t<\/div>\n\t\t\t\t<\/div>\n\t\t<div class=\"wd-negative-gap elementor-element elementor-element-f1967eb e-flex e-con-boxed e-con e-parent\" data-id=\"f1967eb\" data-element_type=\"container\" data-e-type=\"container\">\n\t\t\t\t\t<div class=\"e-con-inner\">\n\t\t<div class=\"elementor-element elementor-element-0fef78c e-con-full e-flex e-con e-child\" data-id=\"0fef78c\" data-element_type=\"container\" data-e-type=\"container\">\n\t\t\t\t<div class=\"elementor-element elementor-element-59bd3d4 elementor-widget elementor-widget-image\" data-id=\"59bd3d4\" data-element_type=\"widget\" data-e-type=\"widget\" data-widget_type=\"image.default\">\n\t\t\t\t<div class=\"elementor-widget-container\">\n\t\t\t\t\t\t\t\t\t\t\t\t\t\t\t<img fetchpriority=\"high\" decoding=\"async\" width=\"768\" height=\"513\" src=\"https:\/\/noliktavaseksperts.coverl.id.lv\/wp-content\/themes\/woodmart\/images\/lazy.svg\" class=\"attachment-medium_large size-medium_large wp-image-26173\" alt=\"Konsult\u0101cijas objekt\u0101\" srcset=\"\" sizes=\"(max-width: 768px) 100vw, 768px\" data-src=\"https:\/\/noliktavaseksperts.coverl.id.lv\/wp-content\/uploads\/2025\/06\/17-768x513.png\" data-srcset=\"https:\/\/noliktavaseksperts.coverl.id.lv\/wp-content\/uploads\/2025\/06\/17-768x513.png 768w, https:\/\/noliktavaseksperts.coverl.id.lv\/wp-content\/uploads\/2025\/06\/17-150x100.webp 150w, https:\/\/noliktavaseksperts.coverl.id.lv\/wp-content\/uploads\/2025\/06\/17-600x401.webp 600w, https:\/\/noliktavaseksperts.coverl.id.lv\/wp-content\/uploads\/2025\/06\/17-300x200.png 300w, https:\/\/noliktavaseksperts.coverl.id.lv\/wp-content\/uploads\/2025\/06\/17-18x12.png 18w, https:\/\/noliktavaseksperts.coverl.id.lv\/wp-content\/uploads\/2025\/06\/17.webp 1024w\" \/>\t\t\t\t\t\t\t\t\t\t\t\t\t\t\t<\/div>\n\t\t\t\t<\/div>\n\t\t\t\t<\/div>\n\t\t<div class=\"elementor-element elementor-element-7d3ac4d e-con-full e-flex e-con e-child\" data-id=\"7d3ac4d\" data-element_type=\"container\" data-e-type=\"container\">\n\t\t\t\t<div class=\"elementor-element elementor-element-aabe038 elementor-widget elementor-widget-heading\" data-id=\"aabe038\" data-element_type=\"widget\" data-e-type=\"widget\" data-widget_type=\"heading.default\">\n\t\t\t\t<div class=\"elementor-widget-container\">\n\t\t\t\t\t<h1 class=\"elementor-heading-title elementor-size-default\">Noliktavas apr\u012bkojuma tirdzniec\u012bba<\/h1>\t\t\t\t<\/div>\n\t\t\t\t<\/div>\n\t\t\t\t<div class=\"elementor-element elementor-element-b3c1759 color-scheme-inherit text-left elementor-widget elementor-widget-text-editor\" data-id=\"b3c1759\" data-element_type=\"widget\" data-e-type=\"widget\" data-widget_type=\"text-editor.default\">\n\t\t\t\t<div class=\"elementor-widget-container\">\n\t\t\t\t\t\t\t\t\t<p><strong>Sadarb\u012bb\u0101 ar ra\u017eot\u0101ju p\u0101rst\u0101vjiem <\/strong>pied\u0101v\u0101jam ieg\u0101d\u0101ties ar\u012b citu ra\u017eot\u0101ju plauktu deta\u013cas, kas nav nor\u0101d\u012btas m\u016bsu pre\u010du katalog\u0101, lai jums b\u016btu iesp\u0113ja pilnveidot jau izmanto\u0161an\u0101 eso\u0161\u0101s plauktu sist\u0113mas.<\/p><p>L\u016bdzu aprakstiet jums interes\u0113jo\u0161o plauktu un to deta\u013cu <strong>veidu \/ ra\u017eot\u0101ju \/ izm\u0113rus \/ daudzumu<\/strong>, iek\u013caujot p\u0113c iesp\u0113jas vair\u0101k info par Jums nepiece\u0161amo preci.<\/p><p>Bildes iesp\u0113jams nos\u016bt\u012bt uz m\u016bsu t\u0101lruni (whatsapp) +371 27210022.<\/p><p>M\u016bsu speci\u0101lists sazin\u0101sies ar jums, lai preciz\u0113tu\u00a0izmaksas.<\/p>\t\t\t\t\t\t\t\t<\/div>\n\t\t\t\t<\/div>\n\t\t\t\t<\/div>\n\t\t\t\t\t<\/div>\n\t\t\t\t<\/div>\n\t\t<div class=\"wd-negative-gap elementor-element elementor-element-0caf3cf e-flex e-con-boxed e-con e-parent\" data-id=\"0caf3cf\" data-element_type=\"container\" data-e-type=\"container\">\n\t\t\t\t\t<div class=\"e-con-inner\">\n\t\t<div class=\"elementor-element elementor-element-d6cdfc3 e-con-full e-flex e-con e-child\" data-id=\"d6cdfc3\" data-element_type=\"container\" data-e-type=\"container\" data-settings=\"{&quot;background_background&quot;:&quot;classic&quot;}\">\n\t\t<div class=\"elementor-element elementor-element-3019b7d e-con-full e-grid e-con e-child\" data-id=\"3019b7d\" data-element_type=\"container\" data-e-type=\"container\">\n\t\t\t\t<div class=\"elementor-element elementor-element-3ca86fb elementor-widget elementor-widget-heading\" data-id=\"3ca86fb\" data-element_type=\"widget\" data-e-type=\"widget\" data-widget_type=\"heading.default\">\n\t\t\t\t<div class=\"elementor-widget-container\">\n\t\t\t\t\t<h2 class=\"elementor-heading-title elementor-size-default\">Sazinies ar mums jau \u0161odien!<\/h2>\t\t\t\t<\/div>\n\t\t\t\t<\/div>\n\t\t\t\t<div class=\"elementor-element elementor-element-81bfd31 color-scheme-inherit text-left elementor-widget elementor-widget-text-editor\" data-id=\"81bfd31\" data-element_type=\"widget\" data-e-type=\"widget\" data-widget_type=\"text-editor.default\">\n\t\t\t\t<div class=\"elementor-widget-container\">\n\t\t\t\t\t\t\t\t\t<p>Atbildi sniegsim p\u0113c iesp\u0113jas \u0101tr\u0101k!<\/p>\t\t\t\t\t\t\t\t<\/div>\n\t\t\t\t<\/div>\n\t\t\t\t<\/div>\n\t\t\t\t<div class=\"elementor-element elementor-element-2e7a832 elementor-widget-divider--view-line elementor-widget elementor-widget-divider\" data-id=\"2e7a832\" data-element_type=\"widget\" data-e-type=\"widget\" data-widget_type=\"divider.default\">\n\t\t\t\t<div class=\"elementor-widget-container\">\n\t\t\t\t\t\t\t<div class=\"elementor-divider\">\n\t\t\t<span class=\"elementor-divider-separator\">\n\t\t\t\t\t\t<\/span>\n\t\t<\/div>\n\t\t\t\t\t\t<\/div>\n\t\t\t\t<\/div>\n\t\t\t\t<div class=\"elementor-element elementor-element-cb0c8ec elementor-widget elementor-widget-wpforms\" data-id=\"cb0c8ec\" data-element_type=\"widget\" data-e-type=\"widget\" data-widget_type=\"wpforms.default\">\n\t\t\t\t<div class=\"elementor-widget-container\">\n\t\t\t\t\t<style id=\"wpforms-css-vars-elementor-widget-cb0c8ec\">\n\t\t\t\t.elementor-widget-wpforms.elementor-element-cb0c8ec {\n\t\t\t\t--wpforms-field-border-radius: 0px;\n--wpforms-field-border-color: #00000000;\n--wpforms-field-border-color-spare: #00000000;\n--wpforms-field-text-color: #000000;\n--wpforms-button-border-radius: 16px;\n--wpforms-button-background-color: #F15A29;\n--wpforms-field-size-input-height: 43px;\n--wpforms-field-size-input-spacing: 15px;\n--wpforms-field-size-font-size: 16px;\n--wpforms-field-size-line-height: 19px;\n--wpforms-field-size-padding-h: 14px;\n--wpforms-field-size-checkbox-size: 16px;\n--wpforms-field-size-sublabel-spacing: 5px;\n--wpforms-field-size-icon-size: 1;\n--wpforms-label-size-font-size: 16px;\n--wpforms-label-size-line-height: 19px;\n--wpforms-label-size-sublabel-font-size: 14px;\n--wpforms-label-size-sublabel-line-height: 17px;\n--wpforms-button-size-font-size: 17px;\n--wpforms-button-size-height: 41px;\n--wpforms-button-size-padding-h: 15px;\n--wpforms-button-size-margin-top: 10px;\n\n\t\t\t}\n\t\t\t<\/style><div class=\"wpforms-container wpforms-container-full wpforms-render-modern\" id=\"wpforms-24793\"><form id=\"wpforms-form-24793\" class=\"wpforms-validate wpforms-form wpforms-ajax-form\" data-formid=\"24793\" method=\"post\" enctype=\"multipart\/form-data\" action=\"\/index.php?rest_route=%2Fwp%2Fv2%2Fpages%2F24831\" data-token=\"37659ad5b393268446c0492341d86229\" data-token-time=\"1776947835\"><noscript class=\"wpforms-error-noscript\">Please enable JavaScript in your browser to complete this form.<\/noscript><div class=\"wpforms-hidden\" id=\"wpforms-error-noscript\">Please enable JavaScript in your browser to complete this form.<\/div><div class=\"wpforms-field-container\"><div id=\"wpforms-24793-field_1-container\" class=\"wpforms-field wpforms-field-layout\" data-field-id=\"1\"><div class=\"wpforms-field-layout-rows wpforms-field-large\"><div class=\"wpforms-layout-row\"><div class=\"wpforms-layout-column wpforms-layout-column-50\"><div id=\"wpforms-24793-field_2-container\" class=\"wpforms-field wpforms-field-name\" data-field-id=\"2\"><label class=\"wpforms-field-label\" for=\"wpforms-24793-field_2\">V\u0101rds \/ uzv\u0101rds <span class=\"wpforms-required-label\" aria-hidden=\"true\">*<\/span><\/label><input type=\"text\" id=\"wpforms-24793-field_2\" class=\"wpforms-field-medium wpforms-field-required\" name=\"wpforms[fields][2]\" placeholder=\"Ievadi v\u0101rdu \/ uzv\u0101rdu\" aria-errormessage=\"wpforms-24793-field_2-error\" required><\/div><\/div><div class=\"wpforms-layout-column wpforms-layout-column-50\"><div id=\"wpforms-24793-field_4-container\" class=\"wpforms-field wpforms-field-email\" data-field-id=\"4\"><label class=\"wpforms-field-label\" for=\"wpforms-24793-field_4\">E-pasts <span class=\"wpforms-required-label\" aria-hidden=\"true\">*<\/span><\/label><input type=\"email\" id=\"wpforms-24793-field_4\" class=\"wpforms-field-medium wpforms-field-required\" name=\"wpforms[fields][4]\" placeholder=\"Ievadi savu e-pastu\" spellcheck=\"false\" aria-errormessage=\"wpforms-24793-field_4-error\" required><\/div><\/div><\/div><div class=\"wpforms-layout-row\"><div class=\"wpforms-layout-column wpforms-layout-column-50\"><div id=\"wpforms-24793-field_3-container\" class=\"wpforms-field wpforms-field-text\" data-field-id=\"3\"><label class=\"wpforms-field-label\" for=\"wpforms-24793-field_3\">Uz\u0146\u0113mums<\/label><input type=\"text\" id=\"wpforms-24793-field_3\" class=\"wpforms-field-medium\" name=\"wpforms[fields][3]\" placeholder=\"Ievadi uz\u0146\u0113muma nosaukumu\" aria-errormessage=\"wpforms-24793-field_3-error\" ><\/div><\/div><div class=\"wpforms-layout-column wpforms-layout-column-50\"><div id=\"wpforms-24793-field_5-container\" class=\"wpforms-field wpforms-field-phone\" data-field-id=\"5\"><label class=\"wpforms-field-label\" for=\"wpforms-24793-field_5\">T\u0101lrunis <span class=\"wpforms-required-label\" aria-hidden=\"true\">*<\/span><\/label><input type=\"tel\" id=\"wpforms-24793-field_5\" class=\"wpforms-field-medium wpforms-field-required wpforms-smart-phone-field\" data-rule-smart-phone-field=\"true\" name=\"wpforms[fields][5]\" placeholder=\"J\u016bsu telefona numurs\" aria-label=\"T\u0101lrunis\" aria-errormessage=\"wpforms-24793-field_5-error\" required><\/div><\/div><\/div><\/div><\/div><div id=\"wpforms-24793-field_6-container\" class=\"wpforms-field wpforms-field-textarea\" data-field-id=\"6\"><label class=\"wpforms-field-label\" for=\"wpforms-24793-field_6\">Zi\u0146ojums <span class=\"wpforms-required-label\" aria-hidden=\"true\">*<\/span><\/label><textarea id=\"wpforms-24793-field_6\" class=\"wpforms-field-medium wpforms-field-required\" name=\"wpforms[fields][6]\" placeholder=\"Apraksti p\u0113c iesp\u0113jas detaliz\u0113t\u0101k...\" aria-errormessage=\"wpforms-24793-field_6-error\" required><\/textarea><\/div><\/div><!-- .wpforms-field-container --><div class=\"wpforms-submit-container\" ><input type=\"hidden\" name=\"wpforms[id]\" value=\"24793\"><input type=\"hidden\" name=\"page_title\" value=\"\"><input type=\"hidden\" name=\"page_url\" value=\"https:\/\/noliktavaseksperts.coverl.id.lv\/index.php?rest_route=\/wp\/v2\/pages\/24831\"><input type=\"hidden\" name=\"url_referer\" value=\"\"><button type=\"submit\" name=\"wpforms[submit]\" id=\"wpforms-submit-24793\" class=\"wpforms-submit\" data-alt-text=\"Tiek nos\u016bt\u012bts....\" data-submit-text=\"Nos\u016bt\u012bt\" aria-live=\"assertive\" value=\"wpforms-submit\">Nos\u016bt\u012bt<\/button><img decoding=\"async\" src=\"https:\/\/noliktavaseksperts.coverl.id.lv\/wp-content\/plugins\/wpforms\/assets\/images\/submit-spin.svg\" class=\"wpforms-submit-spinner\" style=\"display: none;\" width=\"26\" height=\"26\" alt=\"Loading\"><\/div><\/form><\/div>  <!-- .wpforms-container -->\t\t\t\t<\/div>\n\t\t\t\t<\/div>\n\t\t\t\t<\/div>\n\t\t\t\t\t<\/div>\n\t\t\t\t<\/div>\n\t\t\t\t<\/div>\n\t\t","protected":false},"excerpt":{"rendered":"<p>Home Noliktavas apr\u012bkojuma tirdzniec\u012bba Sadarb\u012bb\u0101 ar ra\u017eot\u0101ju p\u0101rst\u0101vjiem pied\u0101v\u0101jam ieg\u0101d\u0101ties ar\u012b citu ra\u017eot\u0101ju plauktu deta\u013cas, kas nav nor\u0101d\u012btas m\u016bsu pre\u010du<\/p>\n","protected":false},"author":3,"featured_media":0,"parent":0,"menu_order":0,"comment_status":"closed","ping_status":"closed","template":"","meta":{"_joinchat":[],"footnotes":""},"class_list":["post-24831","page","type-page","status-publish","hentry"],"yoast_head":"<!-- This site is optimized with the Yoast SEO plugin v27.2 - https:\/\/yoast.com\/product\/yoast-seo-wordpress\/ -->\n<title>Kvalitat\u012bva noliktavas apr\u012bkojuma tirdzniec\u012bba. \u0100tra pieg\u0101de<\/title>\n<meta name=\"description\" content=\"M\u0113s pied\u0101v\u0101jam noliktavas apr\u012bkojuma tirdzniec\u012bbu \u2013 gan jaunu, gan lietotu. Atrodi plauktu sist\u0113mas, skapjus un pale\u0161u rati\u0146us.\" \/>\n<meta name=\"robots\" content=\"index, follow, max-snippet:-1, max-image-preview:large, max-video-preview:-1\" \/>\n<link rel=\"canonical\" href=\"https:\/\/noliktavaseksperts.coverl.id.lv\/?page_id=24831\" \/>\n<meta property=\"og:locale\" content=\"lv_LV\" \/>\n<meta property=\"og:type\" content=\"article\" \/>\n<meta property=\"og:title\" content=\"Kvalitat\u012bva noliktavas apr\u012bkojuma tirdzniec\u012bba. \u0100tra pieg\u0101de\" \/>\n<meta property=\"og:description\" content=\"M\u0113s pied\u0101v\u0101jam noliktavas apr\u012bkojuma tirdzniec\u012bbu \u2013 gan jaunu, gan lietotu. Atrodi plauktu sist\u0113mas, skapjus un pale\u0161u rati\u0146us.\" \/>\n<meta property=\"og:url\" content=\"https:\/\/noliktavaseksperts.coverl.id.lv\/?page_id=24831\" \/>\n<meta property=\"og:site_name\" content=\"Noliktavas Eksperts\" \/>\n<meta property=\"article:modified_time\" content=\"2025-10-15T20:01:33+00:00\" \/>\n<meta property=\"og:image\" content=\"https:\/\/noliktavaseksperts.coverl.id.lv\/wp-content\/uploads\/2025\/06\/17-768x513.png\" \/>\n<meta name=\"twitter:card\" content=\"summary_large_image\" \/>\n<meta name=\"twitter:label1\" content=\"Est. reading time\" \/>\n\t<meta name=\"twitter:data1\" content=\"1 min\u016bte\" \/>\n<script type=\"application\/ld+json\" class=\"yoast-schema-graph\">{\"@context\":\"https:\/\/schema.org\",\"@graph\":[{\"@type\":\"WebPage\",\"@id\":\"https:\/\/noliktavaseksperts.coverl.id.lv\/?page_id=24831\",\"url\":\"https:\/\/noliktavaseksperts.coverl.id.lv\/?page_id=24831\",\"name\":\"Kvalitat\u012bva noliktavas apr\u012bkojuma tirdzniec\u012bba. \u0100tra pieg\u0101de\",\"isPartOf\":{\"@id\":\"https:\/\/noliktavaseksperts.coverl.id.lv\/#website\"},\"primaryImageOfPage\":{\"@id\":\"https:\/\/noliktavaseksperts.coverl.id.lv\/?page_id=24831#primaryimage\"},\"image\":{\"@id\":\"https:\/\/noliktavaseksperts.coverl.id.lv\/?page_id=24831#primaryimage\"},\"thumbnailUrl\":\"https:\/\/noliktavaseksperts.coverl.id.lv\/wp-content\/uploads\/2025\/06\/17-768x513.png\",\"datePublished\":\"2025-04-15T19:08:31+00:00\",\"dateModified\":\"2025-10-15T20:01:33+00:00\",\"description\":\"M\u0113s pied\u0101v\u0101jam noliktavas apr\u012bkojuma tirdzniec\u012bbu \u2013 gan jaunu, gan lietotu. Atrodi plauktu sist\u0113mas, skapjus un pale\u0161u rati\u0146us.\",\"breadcrumb\":{\"@id\":\"https:\/\/noliktavaseksperts.coverl.id.lv\/?page_id=24831#breadcrumb\"},\"inLanguage\":\"lv-LV\",\"potentialAction\":[{\"@type\":\"ReadAction\",\"target\":[\"https:\/\/noliktavaseksperts.coverl.id.lv\/?page_id=24831\"]}]},{\"@type\":\"ImageObject\",\"inLanguage\":\"lv-LV\",\"@id\":\"https:\/\/noliktavaseksperts.coverl.id.lv\/?page_id=24831#primaryimage\",\"url\":\"https:\/\/noliktavaseksperts.coverl.id.lv\/wp-content\/uploads\/2025\/06\/17-768x513.png\",\"contentUrl\":\"https:\/\/noliktavaseksperts.coverl.id.lv\/wp-content\/uploads\/2025\/06\/17-768x513.png\"},{\"@type\":\"BreadcrumbList\",\"@id\":\"https:\/\/noliktavaseksperts.coverl.id.lv\/?page_id=24831#breadcrumb\",\"itemListElement\":[{\"@type\":\"ListItem\",\"position\":1,\"name\":\"Home\",\"item\":\"https:\/\/noliktavaseksperts.coverl.id.lv\/\"},{\"@type\":\"ListItem\",\"position\":2,\"name\":\"Tirdzniec\u012bba\"}]},{\"@type\":\"WebSite\",\"@id\":\"https:\/\/noliktavaseksperts.coverl.id.lv\/#website\",\"url\":\"https:\/\/noliktavaseksperts.coverl.id.lv\/\",\"name\":\"Noliktavas Eksperts\",\"description\":\"Noliktavas\u00a0apr\u012bkojums\",\"publisher\":{\"@id\":\"https:\/\/noliktavaseksperts.coverl.id.lv\/#organization\"},\"potentialAction\":[{\"@type\":\"SearchAction\",\"target\":{\"@type\":\"EntryPoint\",\"urlTemplate\":\"https:\/\/noliktavaseksperts.coverl.id.lv\/?s={search_term_string}\"},\"query-input\":{\"@type\":\"PropertyValueSpecification\",\"valueRequired\":true,\"valueName\":\"search_term_string\"}}],\"inLanguage\":\"lv-LV\"},{\"@type\":\"Organization\",\"@id\":\"https:\/\/noliktavaseksperts.coverl.id.lv\/#organization\",\"name\":\"Noliktavas Eksperts\",\"url\":\"https:\/\/noliktavaseksperts.coverl.id.lv\/\",\"logo\":{\"@type\":\"ImageObject\",\"inLanguage\":\"lv-LV\",\"@id\":\"https:\/\/noliktavaseksperts.coverl.id.lv\/#\/schema\/logo\/image\/\",\"url\":\"https:\/\/noliktavaseksperts.coverl.id.lv\/wp-content\/uploads\/2025\/05\/logo_variacijas-09-1.webp\",\"contentUrl\":\"https:\/\/noliktavaseksperts.coverl.id.lv\/wp-content\/uploads\/2025\/05\/logo_variacijas-09-1.webp\",\"width\":350,\"height\":350,\"caption\":\"Noliktavas Eksperts\"},\"image\":{\"@id\":\"https:\/\/noliktavaseksperts.coverl.id.lv\/#\/schema\/logo\/image\/\"}}]}<\/script>\n<!-- \/ Yoast SEO plugin. -->","yoast_head_json":{"title":"Kvalitat\u012bva noliktavas apr\u012bkojuma tirdzniec\u012bba. \u0100tra pieg\u0101de","description":"M\u0113s pied\u0101v\u0101jam noliktavas apr\u012bkojuma tirdzniec\u012bbu \u2013 gan jaunu, gan lietotu. Atrodi plauktu sist\u0113mas, skapjus un pale\u0161u rati\u0146us.","robots":{"index":"index","follow":"follow","max-snippet":"max-snippet:-1","max-image-preview":"max-image-preview:large","max-video-preview":"max-video-preview:-1"},"canonical":"https:\/\/noliktavaseksperts.coverl.id.lv\/?page_id=24831","og_locale":"lv_LV","og_type":"article","og_title":"Kvalitat\u012bva noliktavas apr\u012bkojuma tirdzniec\u012bba. \u0100tra pieg\u0101de","og_description":"M\u0113s pied\u0101v\u0101jam noliktavas apr\u012bkojuma tirdzniec\u012bbu \u2013 gan jaunu, gan lietotu. Atrodi plauktu sist\u0113mas, skapjus un pale\u0161u rati\u0146us.","og_url":"https:\/\/noliktavaseksperts.coverl.id.lv\/?page_id=24831","og_site_name":"Noliktavas Eksperts","article_modified_time":"2025-10-15T20:01:33+00:00","og_image":[{"url":"https:\/\/noliktavaseksperts.coverl.id.lv\/wp-content\/uploads\/2025\/06\/17-768x513.png","type":"","width":"","height":""}],"twitter_card":"summary_large_image","twitter_misc":{"Est. reading time":"1 min\u016bte"},"schema":{"@context":"https:\/\/schema.org","@graph":[{"@type":"WebPage","@id":"https:\/\/noliktavaseksperts.coverl.id.lv\/?page_id=24831","url":"https:\/\/noliktavaseksperts.coverl.id.lv\/?page_id=24831","name":"Kvalitat\u012bva noliktavas apr\u012bkojuma tirdzniec\u012bba. \u0100tra pieg\u0101de","isPartOf":{"@id":"https:\/\/noliktavaseksperts.coverl.id.lv\/#website"},"primaryImageOfPage":{"@id":"https:\/\/noliktavaseksperts.coverl.id.lv\/?page_id=24831#primaryimage"},"image":{"@id":"https:\/\/noliktavaseksperts.coverl.id.lv\/?page_id=24831#primaryimage"},"thumbnailUrl":"https:\/\/noliktavaseksperts.coverl.id.lv\/wp-content\/uploads\/2025\/06\/17-768x513.png","datePublished":"2025-04-15T19:08:31+00:00","dateModified":"2025-10-15T20:01:33+00:00","description":"M\u0113s pied\u0101v\u0101jam noliktavas apr\u012bkojuma tirdzniec\u012bbu \u2013 gan jaunu, gan lietotu. Atrodi plauktu sist\u0113mas, skapjus un pale\u0161u rati\u0146us.","breadcrumb":{"@id":"https:\/\/noliktavaseksperts.coverl.id.lv\/?page_id=24831#breadcrumb"},"inLanguage":"lv-LV","potentialAction":[{"@type":"ReadAction","target":["https:\/\/noliktavaseksperts.coverl.id.lv\/?page_id=24831"]}]},{"@type":"ImageObject","inLanguage":"lv-LV","@id":"https:\/\/noliktavaseksperts.coverl.id.lv\/?page_id=24831#primaryimage","url":"https:\/\/noliktavaseksperts.coverl.id.lv\/wp-content\/uploads\/2025\/06\/17-768x513.png","contentUrl":"https:\/\/noliktavaseksperts.coverl.id.lv\/wp-content\/uploads\/2025\/06\/17-768x513.png"},{"@type":"BreadcrumbList","@id":"https:\/\/noliktavaseksperts.coverl.id.lv\/?page_id=24831#breadcrumb","itemListElement":[{"@type":"ListItem","position":1,"name":"Home","item":"https:\/\/noliktavaseksperts.coverl.id.lv\/"},{"@type":"ListItem","position":2,"name":"Tirdzniec\u012bba"}]},{"@type":"WebSite","@id":"https:\/\/noliktavaseksperts.coverl.id.lv\/#website","url":"https:\/\/noliktavaseksperts.coverl.id.lv\/","name":"Noliktavas Eksperts","description":"Noliktavas\u00a0apr\u012bkojums","publisher":{"@id":"https:\/\/noliktavaseksperts.coverl.id.lv\/#organization"},"potentialAction":[{"@type":"SearchAction","target":{"@type":"EntryPoint","urlTemplate":"https:\/\/noliktavaseksperts.coverl.id.lv\/?s={search_term_string}"},"query-input":{"@type":"PropertyValueSpecification","valueRequired":true,"valueName":"search_term_string"}}],"inLanguage":"lv-LV"},{"@type":"Organization","@id":"https:\/\/noliktavaseksperts.coverl.id.lv\/#organization","name":"Noliktavas Eksperts","url":"https:\/\/noliktavaseksperts.coverl.id.lv\/","logo":{"@type":"ImageObject","inLanguage":"lv-LV","@id":"https:\/\/noliktavaseksperts.coverl.id.lv\/#\/schema\/logo\/image\/","url":"https:\/\/noliktavaseksperts.coverl.id.lv\/wp-content\/uploads\/2025\/05\/logo_variacijas-09-1.webp","contentUrl":"https:\/\/noliktavaseksperts.coverl.id.lv\/wp-content\/uploads\/2025\/05\/logo_variacijas-09-1.webp","width":350,"height":350,"caption":"Noliktavas Eksperts"},"image":{"@id":"https:\/\/noliktavaseksperts.coverl.id.lv\/#\/schema\/logo\/image\/"}}]}},"_links":{"self":[{"href":"https:\/\/noliktavaseksperts.coverl.id.lv\/index.php?rest_route=\/wp\/v2\/pages\/24831","targetHints":{"allow":["GET"]}}],"collection":[{"href":"https:\/\/noliktavaseksperts.coverl.id.lv\/index.php?rest_route=\/wp\/v2\/pages"}],"about":[{"href":"https:\/\/noliktavaseksperts.coverl.id.lv\/index.php?rest_route=\/wp\/v2\/types\/page"}],"author":[{"embeddable":true,"href":"https:\/\/noliktavaseksperts.coverl.id.lv\/index.php?rest_route=\/wp\/v2\/users\/3"}],"replies":[{"embeddable":true,"href":"https:\/\/noliktavaseksperts.coverl.id.lv\/index.php?rest_route=%2Fwp%2Fv2%2Fcomments&post=24831"}],"version-history":[{"count":0,"href":"https:\/\/noliktavaseksperts.coverl.id.lv\/index.php?rest_route=\/wp\/v2\/pages\/24831\/revisions"}],"wp:attachment":[{"href":"https:\/\/noliktavaseksperts.coverl.id.lv\/index.php?rest_route=%2Fwp%2Fv2%2Fmedia&parent=24831"}],"curies":[{"name":"wp","href":"https:\/\/api.w.org\/{rel}","templated":true}]}}